{"id":68,"date":"2015-09-01T07:38:19","date_gmt":"2015-09-01T07:38:19","guid":{"rendered":"https:\/\/gjeilo.no\/?page_id=68"},"modified":"2026-03-19T15:58:54","modified_gmt":"2026-03-19T15:58:54","slug":"marit-aukrustbakken-hagabakken","status":"publish","type":"page","link":"https:\/\/gjeilo.no\/?page_id=68","title":{"rendered":"Marit Larsd. Hoftakroken Aukrustbakken (Moen?)"},"content":{"rendered":"<p><a href=\"https:\/\/gjeilo.no\/wp-content\/uploads\/2015\/09\/MARITAUK.jpg\"><img loading=\"lazy\" decoding=\"async\" class=\"aligncenter wp-image-69 size-full\" src=\"https:\/\/gjeilo.no\/wp-content\/uploads\/2015\/09\/MARITAUK.jpg\" alt=\"MARITAUK\" width=\"1536\" height=\"2048\" srcset=\"https:\/\/gjeilo.no\/wp-content\/uploads\/2015\/09\/MARITAUK.jpg 1536w, https:\/\/gjeilo.no\/wp-content\/uploads\/2015\/09\/MARITAUK-225x300.jpg 225w, https:\/\/gjeilo.no\/wp-content\/uploads\/2015\/09\/MARITAUK-768x1024.jpg 768w\" sizes=\"auto, (max-width: 1536px) 100vw, 1536px\" \/><\/a>F\u00f8dd den 1869 kb<br \/>Gift den 28. mars 1895 med <a href=\"https:\/\/gjeilo.no\/?page_id=82\">Lars Olson Kv\u00e5le\u00a0<\/a><\/p>\n<p>Var forpaktar p\u00e5 Gutub\u00f8 da ho gifta seg med Lars kb<\/p>\n<p>Mor: Live Larsd., f. 11. aug. 1826 Lom<br \/>Far: Lars\u00a0 Lom<\/p>\n<p><a href=\"https:\/\/gjeilo.no\"><img loading=\"lazy\" decoding=\"async\" class=\"alignnone  wp-image-6142\" src=\"https:\/\/gjeilo.no\/wp-content\/uploads\/2024\/11\/dor-100-DPI-1.png\" alt=\"\" width=\"89\" height=\"15\" \/><\/a><\/p>\n<p>Born:\u00a0.<br \/>1. <a title=\"Anna Kv\u00e5le\" href=\"https:\/\/gjeilo.no\/?page_id=54\">Anne Kv\u00e5le<\/a> g.m <a title=\"Ola Slettom\" href=\"https:\/\/gjeilo.no\/?page_id=57\">Ola Slettom<\/a>,<br \/>2. Ola Lars. Kv\u00e5le, g.m. Ragna &#8230;&#8230;<br \/>2.1..Marit Olsd. Kv\u00e5le<br \/>2.1.1. Anton Ottars. N\u00f8rjordet<br \/>2.1.1.1.Gry Veronica N\u00f8rjordet<br \/>2.1.1.2.Odd Einar N\u00f8rjordet,f 1986<br \/>2.1.2.Rannveig Ottard. N\u00f8rjordet,<br \/>2.1.2.1.Vidar Stee<br \/>2.1.2.2.Yngve Stee<br \/>2.1.2.3.Merete Stee<br \/>2.2. Anne Olsd. Kv\u00e5le g med Ola Kj\u00f8rren<br \/>2.2.1.Jakup Ols. Kj\u00f8rren<br \/>2.2.1.1.Eldri Skjelkv\u00e5le Kj\u00f8rren<br \/>2.2.1.2.Ingrid Oline Skjelkv\u00e5le Kj\u00f8rren<br \/>2.2.2.Randi Olsd. Kj\u00f8rren<br \/>2.2.3.Kari Olsd. Kj\u00f8rren<br \/>2.2.3.1.Liv Turtum,f 1988<br \/>2.2.3.2.Anne Turtum<br \/>2.2.3.3.Sina Turtum<br \/>2.3.Leif Ols. Kv\u00e5le,g med Embj\u00f8rg Kvams\u00f8ygard<br \/>2.3.1. Svein Kv\u00e5le<br \/>2.3.2. Heidi Kv\u00e5le<br \/>2.3.3. Marie Kv\u00e5le<br \/>2.4.Reidun Olsd. Kv\u00e5le,g med Peder Hosar\u00f8ygard<br \/>2.4.1.Torodd Hosar\u00f8ygard<br \/>2.4.2.Per Morten Hosar\u00f8ygard<br \/>3. Lars Lars. Kv\u00e5le, g med Ragnhild N\u00f8rjordet<br \/>3.1.M\u00e5lfrid Larsd. Kv\u00e5le<br \/>3.1.1.Dagmar Laingen<br \/>3.1.2.Yngve Laingen<br \/>3.2. Laila Larsd, Kv\u00e5le<br \/>3.2.1.Lars Steinar Laingen<br \/>3.2.2.Roar Laingen<br \/>4. Kristian Lars. Kv\u00e5le<br \/>5. Amund Lars. Kv\u00e5le<br \/>6. Erling Lars. Kv\u00e5le,d\u00f8d ung.<br \/><a href=\"https:\/\/gjeilo.no\"><img loading=\"lazy\" decoding=\"async\" class=\"alignnone  wp-image-6142\" src=\"https:\/\/gjeilo.no\/wp-content\/uploads\/2024\/11\/dor-100-DPI-1.png\" alt=\"\" width=\"107\" height=\"18\" \/><\/a><\/p>\n<p><a href=\"https:\/\/gjeilo.no\/wp-content\/uploads\/2015\/09\/MORJOFRI.jpg\"><img loading=\"lazy\" decoding=\"async\" class=\"aligncenter wp-image-70 size-full\" src=\"https:\/\/gjeilo.no\/wp-content\/uploads\/2015\/09\/MORJOFRI.jpg\" alt=\"MORJOFRI\" width=\"1251\" height=\"1383\" srcset=\"https:\/\/gjeilo.no\/wp-content\/uploads\/2015\/09\/MORJOFRI.jpg 1251w, https:\/\/gjeilo.no\/wp-content\/uploads\/2015\/09\/MORJOFRI-271x300.jpg 271w, https:\/\/gjeilo.no\/wp-content\/uploads\/2015\/09\/MORJOFRI-926x1024.jpg 926w\" sizes=\"auto, (max-width: 1251px) 100vw, 1251px\" \/><\/a><\/p>\n<figure id=\"attachment_648\" aria-describedby=\"caption-attachment-648\" style=\"width: 750px\" class=\"wp-caption alignnone\"><a href=\"https:\/\/gjeilo.no\/wp-content\/uploads\/2020\/03\/5A541BB9-4AAB-4924-8E39-588A159412B4.jpeg\"><img loading=\"lazy\" decoding=\"async\" class=\"size-full wp-image-648\" src=\"https:\/\/gjeilo.no\/wp-content\/uploads\/2020\/03\/5A541BB9-4AAB-4924-8E39-588A159412B4.jpeg\" alt=\"\" width=\"750\" height=\"598\" srcset=\"https:\/\/gjeilo.no\/wp-content\/uploads\/2020\/03\/5A541BB9-4AAB-4924-8E39-588A159412B4.jpeg 750w, https:\/\/gjeilo.no\/wp-content\/uploads\/2020\/03\/5A541BB9-4AAB-4924-8E39-588A159412B4-300x239.jpeg 300w\" sizes=\"auto, (max-width: 750px) 100vw, 750px\" \/><\/a><figcaption id=\"caption-attachment-648\" class=\"wp-caption-text\">Foreldra til Anne kj\u00f8pte Kv\u00e5le i 1906 da Anne var ni \u00e5r gamal. KARL H\u00d8GBERG \u2013 Kv\u00e5le g\u00e5rd i Lom 1932. Aud har kj\u00f8pt dette maleriet.<\/figcaption><\/figure>\n","protected":false},"excerpt":{"rendered":"<p>F\u00f8dd den 1869 kbGift den 28. mars 1895 med Lars Olson Kv\u00e5le\u00a0 Var forpaktar p\u00e5 Gutub\u00f8 da ho gifta seg med Lars kb Mor: Live Larsd., f. 11. aug. 1826 LomFar: Lars\u00a0 Lom Born:\u00a0.1. Anne Kv\u00e5le g.m Ola Slettom,2. Ola Lars. Kv\u00e5le, g.m. Ragna &#8230;&#8230;2.1..Marit Olsd. Kv\u00e5le2.1.1. Anton Ottars. N\u00f8rjordet2.1.1.1.Gry Veronica N\u00f8rjordet2.1.1.2.Odd Einar N\u00f8rjordet,f 19862.1.2.Rannveig &hellip; <a href=\"https:\/\/gjeilo.no\/?page_id=68\" class=\"more-link\">Fortsett \u00e5 lese <span class=\"screen-reader-text\">Marit Larsd. Hoftakroken Aukrustbakken (Moen?)<\/span><\/a><\/p>\n","protected":false},"author":2,"featured_media":0,"parent":0,"menu_order":0,"comment_status":"closed","ping_status":"open","template":"","meta":{"footnotes":""},"class_list":["post-68","page","type-page","status-publish","hentry"],"yoast_head":"<!-- This site is optimized with the Yoast SEO plugin v26.0 - https:\/\/yoast.com\/wordpress\/plugins\/seo\/ -->\n<title>Marit Larsd. Hoftakroken Aukrustbakken (Moen?) - Slektskap<\/title>\n<meta name=\"robots\" content=\"index, follow, max-snippet:-1, max-image-preview:large, max-video-preview:-1\" \/>\n<link rel=\"canonical\" href=\"https:\/\/gjeilo.no\/?page_id=68\" \/>\n<meta property=\"og:locale\" content=\"nb_NO\" \/>\n<meta property=\"og:type\" content=\"article\" \/>\n<meta property=\"og:title\" content=\"Marit Larsd. Hoftakroken Aukrustbakken (Moen?) - Slektskap\" \/>\n<meta property=\"og:description\" content=\"F\u00f8dd den 1869 kbGift den 28. mars 1895 med Lars Olson Kv\u00e5le\u00a0 Var forpaktar p\u00e5 Gutub\u00f8 da ho gifta seg med Lars kb Mor: Live Larsd., f. 11. aug. 1826 LomFar: Lars\u00a0 Lom Born:\u00a0.1. Anne Kv\u00e5le g.m Ola Slettom,2. Ola Lars. Kv\u00e5le, g.m. Ragna &#8230;&#8230;2.1..Marit Olsd. Kv\u00e5le2.1.1. Anton Ottars. N\u00f8rjordet2.1.1.1.Gry Veronica N\u00f8rjordet2.1.1.2.Odd Einar N\u00f8rjordet,f 19862.1.2.Rannveig &hellip; Fortsett \u00e5 lese Marit Larsd. Hoftakroken Aukrustbakken (Moen?)\" \/>\n<meta property=\"og:url\" content=\"https:\/\/gjeilo.no\/?page_id=68\" \/>\n<meta property=\"og:site_name\" content=\"Slektskap\" \/>\n<meta property=\"article:modified_time\" content=\"2026-03-19T15:58:54+00:00\" \/>\n<meta property=\"og:image\" content=\"https:\/\/gjeilo.no\/wp-content\/uploads\/2015\/09\/MARITAUK.jpg\" \/>\n\t<meta property=\"og:image:width\" content=\"1536\" \/>\n\t<meta property=\"og:image:height\" content=\"2048\" \/>\n\t<meta property=\"og:image:type\" content=\"image\/jpeg\" \/>\n<meta name=\"twitter:card\" content=\"summary_large_image\" \/>\n<meta name=\"twitter:label1\" content=\"Ansl. lesetid\" \/>\n\t<meta name=\"twitter:data1\" content=\"3 minutter\" \/>\n<script type=\"application\/ld+json\" class=\"yoast-schema-graph\">{\"@context\":\"https:\/\/schema.org\",\"@graph\":[{\"@type\":\"WebPage\",\"@id\":\"https:\/\/gjeilo.no\/?page_id=68\",\"url\":\"https:\/\/gjeilo.no\/?page_id=68\",\"name\":\"Marit Larsd. Hoftakroken Aukrustbakken (Moen?) - Slektskap\",\"isPartOf\":{\"@id\":\"https:\/\/gjeilo.no\/#website\"},\"primaryImageOfPage\":{\"@id\":\"https:\/\/gjeilo.no\/?page_id=68#primaryimage\"},\"image\":{\"@id\":\"https:\/\/gjeilo.no\/?page_id=68#primaryimage\"},\"thumbnailUrl\":\"https:\/\/gjeilo.no\/wp-content\/uploads\/2015\/09\/MARITAUK.jpg\",\"datePublished\":\"2015-09-01T07:38:19+00:00\",\"dateModified\":\"2026-03-19T15:58:54+00:00\",\"breadcrumb\":{\"@id\":\"https:\/\/gjeilo.no\/?page_id=68#breadcrumb\"},\"inLanguage\":\"nb-NO\",\"potentialAction\":[{\"@type\":\"ReadAction\",\"target\":[\"https:\/\/gjeilo.no\/?page_id=68\"]}]},{\"@type\":\"ImageObject\",\"inLanguage\":\"nb-NO\",\"@id\":\"https:\/\/gjeilo.no\/?page_id=68#primaryimage\",\"url\":\"https:\/\/gjeilo.no\/wp-content\/uploads\/2015\/09\/MARITAUK.jpg\",\"contentUrl\":\"https:\/\/gjeilo.no\/wp-content\/uploads\/2015\/09\/MARITAUK.jpg\"},{\"@type\":\"BreadcrumbList\",\"@id\":\"https:\/\/gjeilo.no\/?page_id=68#breadcrumb\",\"itemListElement\":[{\"@type\":\"ListItem\",\"position\":1,\"name\":\"Hjem\",\"item\":\"https:\/\/gjeilo.no\/\"},{\"@type\":\"ListItem\",\"position\":2,\"name\":\"Marit Larsd. Hoftakroken Aukrustbakken (Moen?)\"}]},{\"@type\":\"WebSite\",\"@id\":\"https:\/\/gjeilo.no\/#website\",\"url\":\"https:\/\/gjeilo.no\/\",\"name\":\"Slektskap\",\"description\":\"\",\"potentialAction\":[{\"@type\":\"SearchAction\",\"target\":{\"@type\":\"EntryPoint\",\"urlTemplate\":\"https:\/\/gjeilo.no\/?s={search_term_string}\"},\"query-input\":{\"@type\":\"PropertyValueSpecification\",\"valueRequired\":true,\"valueName\":\"search_term_string\"}}],\"inLanguage\":\"nb-NO\"}]}<\/script>\n<!-- \/ Yoast SEO plugin. -->","yoast_head_json":{"title":"Marit Larsd. Hoftakroken Aukrustbakken (Moen?) - Slektskap","robots":{"index":"index","follow":"follow","max-snippet":"max-snippet:-1","max-image-preview":"max-image-preview:large","max-video-preview":"max-video-preview:-1"},"canonical":"https:\/\/gjeilo.no\/?page_id=68","og_locale":"nb_NO","og_type":"article","og_title":"Marit Larsd. Hoftakroken Aukrustbakken (Moen?) - Slektskap","og_description":"F\u00f8dd den 1869 kbGift den 28. mars 1895 med Lars Olson Kv\u00e5le\u00a0 Var forpaktar p\u00e5 Gutub\u00f8 da ho gifta seg med Lars kb Mor: Live Larsd., f. 11. aug. 1826 LomFar: Lars\u00a0 Lom Born:\u00a0.1. Anne Kv\u00e5le g.m Ola Slettom,2. Ola Lars. Kv\u00e5le, g.m. Ragna &#8230;&#8230;2.1..Marit Olsd. Kv\u00e5le2.1.1. Anton Ottars. N\u00f8rjordet2.1.1.1.Gry Veronica N\u00f8rjordet2.1.1.2.Odd Einar N\u00f8rjordet,f 19862.1.2.Rannveig &hellip; Fortsett \u00e5 lese Marit Larsd. Hoftakroken Aukrustbakken (Moen?)","og_url":"https:\/\/gjeilo.no\/?page_id=68","og_site_name":"Slektskap","article_modified_time":"2026-03-19T15:58:54+00:00","og_image":[{"width":1536,"height":2048,"url":"https:\/\/gjeilo.no\/wp-content\/uploads\/2015\/09\/MARITAUK.jpg","type":"image\/jpeg"}],"twitter_card":"summary_large_image","twitter_misc":{"Ansl. lesetid":"3 minutter"},"schema":{"@context":"https:\/\/schema.org","@graph":[{"@type":"WebPage","@id":"https:\/\/gjeilo.no\/?page_id=68","url":"https:\/\/gjeilo.no\/?page_id=68","name":"Marit Larsd. Hoftakroken Aukrustbakken (Moen?) - Slektskap","isPartOf":{"@id":"https:\/\/gjeilo.no\/#website"},"primaryImageOfPage":{"@id":"https:\/\/gjeilo.no\/?page_id=68#primaryimage"},"image":{"@id":"https:\/\/gjeilo.no\/?page_id=68#primaryimage"},"thumbnailUrl":"https:\/\/gjeilo.no\/wp-content\/uploads\/2015\/09\/MARITAUK.jpg","datePublished":"2015-09-01T07:38:19+00:00","dateModified":"2026-03-19T15:58:54+00:00","breadcrumb":{"@id":"https:\/\/gjeilo.no\/?page_id=68#breadcrumb"},"inLanguage":"nb-NO","potentialAction":[{"@type":"ReadAction","target":["https:\/\/gjeilo.no\/?page_id=68"]}]},{"@type":"ImageObject","inLanguage":"nb-NO","@id":"https:\/\/gjeilo.no\/?page_id=68#primaryimage","url":"https:\/\/gjeilo.no\/wp-content\/uploads\/2015\/09\/MARITAUK.jpg","contentUrl":"https:\/\/gjeilo.no\/wp-content\/uploads\/2015\/09\/MARITAUK.jpg"},{"@type":"BreadcrumbList","@id":"https:\/\/gjeilo.no\/?page_id=68#breadcrumb","itemListElement":[{"@type":"ListItem","position":1,"name":"Hjem","item":"https:\/\/gjeilo.no\/"},{"@type":"ListItem","position":2,"name":"Marit Larsd. Hoftakroken Aukrustbakken (Moen?)"}]},{"@type":"WebSite","@id":"https:\/\/gjeilo.no\/#website","url":"https:\/\/gjeilo.no\/","name":"Slektskap","description":"","potentialAction":[{"@type":"SearchAction","target":{"@type":"EntryPoint","urlTemplate":"https:\/\/gjeilo.no\/?s={search_term_string}"},"query-input":{"@type":"PropertyValueSpecification","valueRequired":true,"valueName":"search_term_string"}}],"inLanguage":"nb-NO"}]}},"_links":{"self":[{"href":"https:\/\/gjeilo.no\/index.php?rest_route=\/wp\/v2\/pages\/68","targetHints":{"allow":["GET"]}}],"collection":[{"href":"https:\/\/gjeilo.no\/index.php?rest_route=\/wp\/v2\/pages"}],"about":[{"href":"https:\/\/gjeilo.no\/index.php?rest_route=\/wp\/v2\/types\/page"}],"author":[{"embeddable":true,"href":"https:\/\/gjeilo.no\/index.php?rest_route=\/wp\/v2\/users\/2"}],"replies":[{"embeddable":true,"href":"https:\/\/gjeilo.no\/index.php?rest_route=%2Fwp%2Fv2%2Fcomments&post=68"}],"version-history":[{"count":30,"href":"https:\/\/gjeilo.no\/index.php?rest_route=\/wp\/v2\/pages\/68\/revisions"}],"predecessor-version":[{"id":6612,"href":"https:\/\/gjeilo.no\/index.php?rest_route=\/wp\/v2\/pages\/68\/revisions\/6612"}],"wp:attachment":[{"href":"https:\/\/gjeilo.no\/index.php?rest_route=%2Fwp%2Fv2%2Fmedia&parent=68"}],"curies":[{"name":"wp","href":"https:\/\/api.w.org\/{rel}","templated":true}]}}