{"id":6534,"date":"2026-03-06T13:08:58","date_gmt":"2026-03-06T13:08:58","guid":{"rendered":"https:\/\/gjeilo.no\/?page_id=6534"},"modified":"2026-03-19T19:10:14","modified_gmt":"2026-03-19T19:10:14","slug":"minnetale-til-bestemor-thea","status":"publish","type":"page","link":"https:\/\/gjeilo.no\/?page_id=6534","title":{"rendered":"Minnetale til bestemor Thea"},"content":{"rendered":"\n<div class=\"wp-block-media-text is-stacked-on-mobile\" style=\"grid-template-columns:41% auto\"><figure class=\"wp-block-media-text__media\"><img loading=\"lazy\" decoding=\"async\" width=\"991\" height=\"1024\" src=\"https:\/\/gjeilo.no\/wp-content\/uploads\/2026\/03\/IMG_6243.HEIC-991x1024.jpg\" alt=\"\" class=\"wp-image-6523 size-full\" srcset=\"https:\/\/gjeilo.no\/wp-content\/uploads\/2026\/03\/IMG_6243.HEIC-991x1024.jpg 991w, https:\/\/gjeilo.no\/wp-content\/uploads\/2026\/03\/IMG_6243.HEIC-290x300.jpg 290w, https:\/\/gjeilo.no\/wp-content\/uploads\/2026\/03\/IMG_6243.HEIC-768x794.jpg 768w, https:\/\/gjeilo.no\/wp-content\/uploads\/2026\/03\/IMG_6243.HEIC-1486x1536.jpg 1486w, https:\/\/gjeilo.no\/wp-content\/uploads\/2026\/03\/IMG_6243.HEIC-1981x2048.jpg 1981w\" sizes=\"auto, (max-width: 991px) 100vw, 991px\" \/><\/figure><div class=\"wp-block-media-text__content\">\n<p style=\"font-size:17px\"><em>Jentene i Lykkja dei st\u00e5r i elvedur<br>i gleder og i nauder<br>blant blomebedd og stauder<br>i steik og regneskur. <br>Jentene i Lykkja dei kan du ikkje sl\u00e5.<br>Dei driv s\u00e5 flott og flittig<br>og n\u00e6rmar dei seg nitti<br>dei st\u00e5r der likes\u00e5.<\/em><\/p>\n<\/div><\/div>\n\n\n\n<p>Til bisetjing i Lomskyrkja 5. mars 2026 av Frikk Gjeilo<br><br>Eg skal no byrje med \u00e5 lese opp bestemor Thea sitt eige minneord, slik ho las det til meg: <br><em>Eg vaks opp i ein god heim som den yngste i ein sysjenflokk p\u00e5 ti p\u00e5 sm\u00e5bruket Grafferhaugen i V\u00e5rdalen. Det var glade barne\u00e5r, men ein morgon like f\u00f8r eg fylte 5 \u00e5r vart eg vekt av ein frykteleg motordur. Store, svarte fly for l\u00e5gt over hustaka. Mor tulla meg inn i eit ullteppe og saman med dei andre som var heime gjekk dei i h\u00f8g nysn\u00f8 nordi skogen til flya forsvann. Sj\u00f8lv om vi ikkje s\u00e5g s\u00e5 mykje til krigshandlingane dei fem \u00e5ra krigen varte, var det likevel ikkje det trygge, gode lenger.<\/em><br><br><em>Hausten 1942 tok eg til p\u00e5 skulen. To \u00e5r i Moaskulen, eitt \u00e5r i Bakkeskulen og dei siste \u00e5ra i Lia skule. Mor sydde klede, spann og strikka. Det var verre med sko i krigs\u00e5ra. Far var hj\u00e5 skomaker s\u00e5 det vart beksomsko og eg brukte opp etter dei store sysjena. Om sommaren var det l\u00e5ge gummisko som eg hata. (J\u00e6lma stygge sko ass\u00e5, uss!).<br><\/em><br><em>Som vaksen tok eg tidleg ut i arbeidslivet. Eg var p\u00e5 Lillehammer eitt \u00e5rs tid, elles var arbeidsplassane i Lom. Siste \u00e5ra f\u00f8r eg gifta meg var eg nokre \u00e5r p\u00e5 Bjarne Holes ass.forretning i Garmo og treivst s\u00e6rs godt. Frans og eg gifta oss i 1958 og han var den beste ektemann eg kunne f\u00e5tt. Vi fl\u00f8tte inn i eigen heim i Lykkja i 1963 der Ola, Jon og Finn vaks opp. Med tre ivrige fotballgutar og naboguten Ivar bidrog vi m\u00f8drene Tora og eg med vask av fotballdrakter til fleire lag, og var kioskvaktar under kampar.<\/em><br><br><em>Eg var ute i arbeidslivet n\u00e5r ungane vaks til, men kom alltid heim f\u00f8r dei kom fr\u00e5 skulen. Siste \u00e5ra til eg gjekk av med pensjon arbeidde eg som heimehjelp. S\u00e5 reiste eg p\u00e5 kurs og instruerte i Seniordans i 20 \u00e5r. Var glad i den fine dansegjengen og ogs\u00e5 det friviljuge arbeidet p\u00e5 Helseheimen saman med Oline, Ingeborg og S\u00f8lvi. Arbeidet var sv\u00e6rt givande, men alt dette tok slutt da koronaviruset kom.<br><br>Det vart trist da snille Frans gjekk bort i 2002, men snille soner, kj\u00e6re barne- og oldebarn og familie elles har vore til stor glede. Kj\u00e6re dykk: glad i d\u00f8kk alle.<\/em><br><br>Dette var bestemor Thea sine siste skrivne ord. Ho var godt f\u00f8rebudd til denne dagen, \u00abog salmein d\u00f8m \u00e6 greie\u00bb, sa ho: \u00abog da avslutta d\u00f8kk med Gud signe v\u00e5rt dyre fedreland, for fedrelandet det \u00e6 det likaste oss har\u00bb, sa ho.<br><br>\u00abF\u00f8y til noko om du vil\u00bb, stod det p\u00e5 baksida av siste arket, og det ville eg:<br>Ho Thea var mykje for mange. For oss som er her i dag var ho mor, bestemor og oldemor, reservemor og tante, svigerinne, granne, venninne, wordfeud-spelar, og for fleire av oss eit stort forbilde. Ho har vore med \u00e5 fargelegge oss og dei personane oss er i dag, med stokkrose-raudt og keisarkrone-oransje, og gjeve oss rom for \u00e5 vere dei som oss er.<br><br>Ho bestemor har au vorte fargelagd sj\u00f8lv, av folk og hendingar. Ho vaks opp under krigen, og denne fylgde ho heile livet. Uro anstand i verda vekte nok b\u00e5de minnar og kjensler. Hei bestemor, bra med deg? skriv eg. Sint p\u00e5 Putin, svarar ho. Det var fleire andre tyngande hendingar ho bar p\u00e5 og ofte gjentok, og som ho endeleg no har f\u00e5tt fred fr\u00e5. Sjukdom blant barnebarn var tungt \u00e5 bere for ei litol bestemor. \u00c5 miste tanteungen sin, ho Marianne i \u201857, bar ho nok au med seg til det siste, og b\u00e5referda gjennom V\u00e5rdalen vart skildra ved fleire h\u00f8ve.<br><br>\u00c5 miste to av sine n\u00e6rmaste i armane sine har ho au fortalt om fleire gonger: \u00ab\u00c5 kj\u00e6re de, Frans\u00bb var det siste \u2018n bestefar fekk h\u00f8yre denne sundagen for 24 \u00e5r og to dagar sidan. Ho oldemor Maria kom au kvila til i armane hennar bestemor. \u00abOss \u00e6 s\u00e5 glade ti de eille samen, mor\u00bb, var det siste ho Thea sa f\u00f8r mor hennar sovna.<br><br>\u00c5rstidene brukar lang tid p\u00e5 \u00e5 skifte, men n\u00e5r dei fyrst kjem s\u00e5 skjer det mest som s\u00e5 br\u00e5tt. Slik var det au med ho bestemor p\u00e5 slutten. Det var harde tak lengje. Men berre ei god veke f\u00f8r ho d\u00f8 s\u00e5 var ho s\u00e5 glad fordi ho ikkje hadde smertar, enda ho visste at kreften var mest overalt. Ho har st\u00f8tt vore tr\u00e5 og sj\u00f8lvstendig, og hadde ho fyrst spurt om ein tenest og ein kom ni Lykkja for \u00e5 hjelpe, kunne du vere sikker p\u00e5 at ho alt hadde gjort det sj\u00f8lv. \u00abE \u00e6 kje s\u00e5 verst serru\u00bb, sa ho ofte. Og det var ho ikkje. Ho var vel tvert om best.<br><br>P\u00e5 slutten fekk oss oppleve at ho kunne ta imot hjelp \u2013 og det kjendest nok godt for fleire av oss \u00e5 kunne hjelpe. Eg hugsar eg tala med \u2018n Finn om saken, da \u2018n sa: \u00abdu veit, ho vil kje at nugun t\u00e5 oss sonein ska dusje ho og slik ho veit du\u00bb. Eg sa at det kunne eg vel eigentleg ikkje tenkt meg sj\u00f8lv hell. Men heldigvis for alle involverte hadde ho bestemor god hjelp fr\u00e5 det kommunale p\u00e5 slutten, og s\u00e6rleg ho Malin kreftsjukepleiar. Onsdagen var ho framleis kl\u00e5r og stundom vaken, men hadde store smerter, og fekk ei betre seng \u00e5 liggje i utti stugu framfor OL-sendingane. Da eg og ho Malin hjelpte ho oppi den nye senga stod br\u00e5tt v\u00e5rsola inn stuguglaset og omfamna den vesle bestemora. \u00abS\u00e5 fekk eg sj\u00e5 sole att fyry eg reiser\u00bb, sa ho, og la seg te. Ikkje lengje etter sovna ho og var mest ikkje vaken att.<br><br>Og i \u00e5ttetida torsdagskvelden kom endeleg \u2018n storebror. Da kom \u2018n Ragnar og ho Julie, og sette seg ned ved sida hennar, og takka for alle dessa \u00e5ra innast der i Lykkjavegen, og da fekk endeleg ho Thea Gjeilo, f\u00f8dd \u00d8yjordet p\u00e5 Grafferhaugen ein maidag i \u201835, fred, og sovna inn sjau minutt over \u00e5tte, med ei litol t\u00e5re i augekroken sin.<br><br>Oss \u00e6 s\u00e5 glade ti de eille samen, bestemor.<\/p>\n","protected":false},"excerpt":{"rendered":"<p>Jentene i Lykkja dei st\u00e5r i elveduri gleder og i nauderblant blomebedd og stauderi steik og regneskur. Jentene i Lykkja dei kan du ikkje sl\u00e5.Dei driv s\u00e5 flott og flittigog n\u00e6rmar dei seg nittidei st\u00e5r der likes\u00e5. Til bisetjing i Lomskyrkja 5. mars 2026 av Frikk Gjeilo Eg skal no byrje med \u00e5 lese opp &hellip; <a href=\"https:\/\/gjeilo.no\/?page_id=6534\" class=\"more-link\">Fortsett \u00e5 lese <span class=\"screen-reader-text\">Minnetale til bestemor Thea<\/span><\/a><\/p>\n","protected":false},"author":2,"featured_media":0,"parent":0,"menu_order":0,"comment_status":"closed","ping_status":"closed","template":"","meta":{"footnotes":""},"class_list":["post-6534","page","type-page","status-publish","hentry"],"yoast_head":"<!-- This site is optimized with the Yoast SEO plugin v26.0 - https:\/\/yoast.com\/wordpress\/plugins\/seo\/ -->\n<title>Minnetale til bestemor Thea - Slektskap<\/title>\n<meta name=\"robots\" content=\"index, follow, max-snippet:-1, max-image-preview:large, max-video-preview:-1\" \/>\n<link rel=\"canonical\" href=\"https:\/\/gjeilo.no\/?page_id=6534\" \/>\n<meta property=\"og:locale\" content=\"nb_NO\" \/>\n<meta property=\"og:type\" content=\"article\" \/>\n<meta property=\"og:title\" content=\"Minnetale til bestemor Thea - Slektskap\" \/>\n<meta property=\"og:description\" content=\"Jentene i Lykkja dei st\u00e5r i elveduri gleder og i nauderblant blomebedd og stauderi steik og regneskur. Jentene i Lykkja dei kan du ikkje sl\u00e5.Dei driv s\u00e5 flott og flittigog n\u00e6rmar dei seg nittidei st\u00e5r der likes\u00e5. Til bisetjing i Lomskyrkja 5. mars 2026 av Frikk Gjeilo Eg skal no byrje med \u00e5 lese opp &hellip; Fortsett \u00e5 lese Minnetale til bestemor Thea\" \/>\n<meta property=\"og:url\" content=\"https:\/\/gjeilo.no\/?page_id=6534\" \/>\n<meta property=\"og:site_name\" content=\"Slektskap\" \/>\n<meta property=\"article:modified_time\" content=\"2026-03-19T19:10:14+00:00\" \/>\n<meta property=\"og:image\" content=\"https:\/\/gjeilo.no\/wp-content\/uploads\/2026\/03\/IMG_6243.HEIC-scaled.jpg\" \/>\n\t<meta property=\"og:image:width\" content=\"2476\" \/>\n\t<meta property=\"og:image:height\" content=\"2560\" \/>\n\t<meta property=\"og:image:type\" content=\"image\/jpeg\" \/>\n<meta name=\"twitter:card\" content=\"summary_large_image\" \/>\n<meta name=\"twitter:label1\" content=\"Ansl. lesetid\" \/>\n\t<meta name=\"twitter:data1\" content=\"7 minutter\" \/>\n<script type=\"application\/ld+json\" class=\"yoast-schema-graph\">{\"@context\":\"https:\/\/schema.org\",\"@graph\":[{\"@type\":\"WebPage\",\"@id\":\"https:\/\/gjeilo.no\/?page_id=6534\",\"url\":\"https:\/\/gjeilo.no\/?page_id=6534\",\"name\":\"Minnetale til bestemor Thea - Slektskap\",\"isPartOf\":{\"@id\":\"https:\/\/gjeilo.no\/#website\"},\"primaryImageOfPage\":{\"@id\":\"https:\/\/gjeilo.no\/?page_id=6534#primaryimage\"},\"image\":{\"@id\":\"https:\/\/gjeilo.no\/?page_id=6534#primaryimage\"},\"thumbnailUrl\":\"https:\/\/gjeilo.no\/wp-content\/uploads\/2026\/03\/IMG_6243.HEIC-991x1024.jpg\",\"datePublished\":\"2026-03-06T13:08:58+00:00\",\"dateModified\":\"2026-03-19T19:10:14+00:00\",\"breadcrumb\":{\"@id\":\"https:\/\/gjeilo.no\/?page_id=6534#breadcrumb\"},\"inLanguage\":\"nb-NO\",\"potentialAction\":[{\"@type\":\"ReadAction\",\"target\":[\"https:\/\/gjeilo.no\/?page_id=6534\"]}]},{\"@type\":\"ImageObject\",\"inLanguage\":\"nb-NO\",\"@id\":\"https:\/\/gjeilo.no\/?page_id=6534#primaryimage\",\"url\":\"https:\/\/gjeilo.no\/wp-content\/uploads\/2026\/03\/IMG_6243.HEIC-scaled.jpg\",\"contentUrl\":\"https:\/\/gjeilo.no\/wp-content\/uploads\/2026\/03\/IMG_6243.HEIC-scaled.jpg\",\"width\":2476,\"height\":2560},{\"@type\":\"BreadcrumbList\",\"@id\":\"https:\/\/gjeilo.no\/?page_id=6534#breadcrumb\",\"itemListElement\":[{\"@type\":\"ListItem\",\"position\":1,\"name\":\"Hjem\",\"item\":\"https:\/\/gjeilo.no\/\"},{\"@type\":\"ListItem\",\"position\":2,\"name\":\"Minnetale til bestemor Thea\"}]},{\"@type\":\"WebSite\",\"@id\":\"https:\/\/gjeilo.no\/#website\",\"url\":\"https:\/\/gjeilo.no\/\",\"name\":\"Slektskap\",\"description\":\"\",\"potentialAction\":[{\"@type\":\"SearchAction\",\"target\":{\"@type\":\"EntryPoint\",\"urlTemplate\":\"https:\/\/gjeilo.no\/?s={search_term_string}\"},\"query-input\":{\"@type\":\"PropertyValueSpecification\",\"valueRequired\":true,\"valueName\":\"search_term_string\"}}],\"inLanguage\":\"nb-NO\"}]}<\/script>\n<!-- \/ Yoast SEO plugin. -->","yoast_head_json":{"title":"Minnetale til bestemor Thea - Slektskap","robots":{"index":"index","follow":"follow","max-snippet":"max-snippet:-1","max-image-preview":"max-image-preview:large","max-video-preview":"max-video-preview:-1"},"canonical":"https:\/\/gjeilo.no\/?page_id=6534","og_locale":"nb_NO","og_type":"article","og_title":"Minnetale til bestemor Thea - Slektskap","og_description":"Jentene i Lykkja dei st\u00e5r i elveduri gleder og i nauderblant blomebedd og stauderi steik og regneskur. Jentene i Lykkja dei kan du ikkje sl\u00e5.Dei driv s\u00e5 flott og flittigog n\u00e6rmar dei seg nittidei st\u00e5r der likes\u00e5. Til bisetjing i Lomskyrkja 5. mars 2026 av Frikk Gjeilo Eg skal no byrje med \u00e5 lese opp &hellip; Fortsett \u00e5 lese Minnetale til bestemor Thea","og_url":"https:\/\/gjeilo.no\/?page_id=6534","og_site_name":"Slektskap","article_modified_time":"2026-03-19T19:10:14+00:00","og_image":[{"width":2476,"height":2560,"url":"https:\/\/gjeilo.no\/wp-content\/uploads\/2026\/03\/IMG_6243.HEIC-scaled.jpg","type":"image\/jpeg"}],"twitter_card":"summary_large_image","twitter_misc":{"Ansl. lesetid":"7 minutter"},"schema":{"@context":"https:\/\/schema.org","@graph":[{"@type":"WebPage","@id":"https:\/\/gjeilo.no\/?page_id=6534","url":"https:\/\/gjeilo.no\/?page_id=6534","name":"Minnetale til bestemor Thea - Slektskap","isPartOf":{"@id":"https:\/\/gjeilo.no\/#website"},"primaryImageOfPage":{"@id":"https:\/\/gjeilo.no\/?page_id=6534#primaryimage"},"image":{"@id":"https:\/\/gjeilo.no\/?page_id=6534#primaryimage"},"thumbnailUrl":"https:\/\/gjeilo.no\/wp-content\/uploads\/2026\/03\/IMG_6243.HEIC-991x1024.jpg","datePublished":"2026-03-06T13:08:58+00:00","dateModified":"2026-03-19T19:10:14+00:00","breadcrumb":{"@id":"https:\/\/gjeilo.no\/?page_id=6534#breadcrumb"},"inLanguage":"nb-NO","potentialAction":[{"@type":"ReadAction","target":["https:\/\/gjeilo.no\/?page_id=6534"]}]},{"@type":"ImageObject","inLanguage":"nb-NO","@id":"https:\/\/gjeilo.no\/?page_id=6534#primaryimage","url":"https:\/\/gjeilo.no\/wp-content\/uploads\/2026\/03\/IMG_6243.HEIC-scaled.jpg","contentUrl":"https:\/\/gjeilo.no\/wp-content\/uploads\/2026\/03\/IMG_6243.HEIC-scaled.jpg","width":2476,"height":2560},{"@type":"BreadcrumbList","@id":"https:\/\/gjeilo.no\/?page_id=6534#breadcrumb","itemListElement":[{"@type":"ListItem","position":1,"name":"Hjem","item":"https:\/\/gjeilo.no\/"},{"@type":"ListItem","position":2,"name":"Minnetale til bestemor Thea"}]},{"@type":"WebSite","@id":"https:\/\/gjeilo.no\/#website","url":"https:\/\/gjeilo.no\/","name":"Slektskap","description":"","potentialAction":[{"@type":"SearchAction","target":{"@type":"EntryPoint","urlTemplate":"https:\/\/gjeilo.no\/?s={search_term_string}"},"query-input":{"@type":"PropertyValueSpecification","valueRequired":true,"valueName":"search_term_string"}}],"inLanguage":"nb-NO"}]}},"_links":{"self":[{"href":"https:\/\/gjeilo.no\/index.php?rest_route=\/wp\/v2\/pages\/6534","targetHints":{"allow":["GET"]}}],"collection":[{"href":"https:\/\/gjeilo.no\/index.php?rest_route=\/wp\/v2\/pages"}],"about":[{"href":"https:\/\/gjeilo.no\/index.php?rest_route=\/wp\/v2\/types\/page"}],"author":[{"embeddable":true,"href":"https:\/\/gjeilo.no\/index.php?rest_route=\/wp\/v2\/users\/2"}],"replies":[{"embeddable":true,"href":"https:\/\/gjeilo.no\/index.php?rest_route=%2Fwp%2Fv2%2Fcomments&post=6534"}],"version-history":[{"count":19,"href":"https:\/\/gjeilo.no\/index.php?rest_route=\/wp\/v2\/pages\/6534\/revisions"}],"predecessor-version":[{"id":6625,"href":"https:\/\/gjeilo.no\/index.php?rest_route=\/wp\/v2\/pages\/6534\/revisions\/6625"}],"wp:attachment":[{"href":"https:\/\/gjeilo.no\/index.php?rest_route=%2Fwp%2Fv2%2Fmedia&parent=6534"}],"curies":[{"name":"wp","href":"https:\/\/api.w.org\/{rel}","templated":true}]}}