{"id":2960,"date":"2023-01-31T16:31:37","date_gmt":"2023-01-31T16:31:37","guid":{"rendered":"https:\/\/gjeilo.no\/?page_id=2960"},"modified":"2024-11-18T10:09:06","modified_gmt":"2024-11-18T10:09:06","slug":"smilden-laerdalsoyri","status":"publish","type":"page","link":"https:\/\/gjeilo.no\/?page_id=2960","title":{"rendered":"Smilden \/ L\u00e6rdals\u00f8yri"},"content":{"rendered":"\n<p>Bilde fr\u00e5 L\u00e6rdals\u00f8yri.<\/p>\n\n\n\n<figure class=\"wp-block-gallery has-nested-images columns-1 wp-block-gallery-1 is-layout-flex wp-block-gallery-is-layout-flex\">\n<figure class=\"wp-block-image size-large\"><a href=\"https:\/\/gjeilo.no\/wp-content\/uploads\/2020\/03\/DSCN3449.jpg\"><img loading=\"lazy\" decoding=\"async\" width=\"1024\" height=\"768\" data-id=\"1249\" src=\"https:\/\/gjeilo.no\/wp-content\/uploads\/2020\/03\/DSCN3449-1024x768.jpg\" alt=\"\" class=\"wp-image-1249\" srcset=\"https:\/\/gjeilo.no\/wp-content\/uploads\/2020\/03\/DSCN3449-1024x768.jpg 1024w, https:\/\/gjeilo.no\/wp-content\/uploads\/2020\/03\/DSCN3449-300x225.jpg 300w, https:\/\/gjeilo.no\/wp-content\/uploads\/2020\/03\/DSCN3449-768x576.jpg 768w, https:\/\/gjeilo.no\/wp-content\/uploads\/2020\/03\/DSCN3449-1536x1152.jpg 1536w, https:\/\/gjeilo.no\/wp-content\/uploads\/2020\/03\/DSCN3449.jpg 2048w\" sizes=\"auto, (max-width: 1024px) 100vw, 1024px\" \/><\/a><figcaption class=\"wp-element-caption\">Smilden p\u00e5 L\u00e6rdals\u00f8yra der Anna voks opp. P\u00e5 trappa antakeleg Kari Gjerde, mor til Anna.<\/figcaption><\/figure>\n\n\n\n<figure class=\"wp-block-image size-large\"><a href=\"https:\/\/gjeilo.no\/wp-content\/uploads\/2020\/03\/DSCN3412.jpg\"><img loading=\"lazy\" decoding=\"async\" width=\"1024\" height=\"768\" data-id=\"1261\" src=\"https:\/\/gjeilo.no\/wp-content\/uploads\/2020\/03\/DSCN3412-1024x768.jpg\" alt=\"\" class=\"wp-image-1261\" srcset=\"https:\/\/gjeilo.no\/wp-content\/uploads\/2020\/03\/DSCN3412-1024x768.jpg 1024w, https:\/\/gjeilo.no\/wp-content\/uploads\/2020\/03\/DSCN3412-300x225.jpg 300w, https:\/\/gjeilo.no\/wp-content\/uploads\/2020\/03\/DSCN3412-768x576.jpg 768w, https:\/\/gjeilo.no\/wp-content\/uploads\/2020\/03\/DSCN3412-1536x1152.jpg 1536w, https:\/\/gjeilo.no\/wp-content\/uploads\/2020\/03\/DSCN3412.jpg 2048w\" sizes=\"auto, (max-width: 1024px) 100vw, 1024px\" \/><\/a><figcaption class=\"wp-element-caption\">Smildenhuset i L\u00e6rdal der Anna kom fr\u00e5. Ragnhild, yngste syster til Anna, med mann Gustad Smilden. Borna er fr\u00e5 venstre Kari, Randi og Gunnar.<\/figcaption><\/figure>\n\n\n\n<figure class=\"wp-block-image size-large\"><a href=\"https:\/\/gjeilo.no\/wp-content\/uploads\/2022\/07\/3D5BCA25-E8CE-4CB9-9742-F7DBF76CD30B.jpeg\"><img loading=\"lazy\" decoding=\"async\" width=\"960\" height=\"731\" data-id=\"2141\" src=\"https:\/\/gjeilo.no\/wp-content\/uploads\/2022\/07\/3D5BCA25-E8CE-4CB9-9742-F7DBF76CD30B.jpeg\" alt=\"Kari Gundersdotter Kvist qvist\" class=\"wp-image-2141\" srcset=\"https:\/\/gjeilo.no\/wp-content\/uploads\/2022\/07\/3D5BCA25-E8CE-4CB9-9742-F7DBF76CD30B.jpeg 960w, https:\/\/gjeilo.no\/wp-content\/uploads\/2022\/07\/3D5BCA25-E8CE-4CB9-9742-F7DBF76CD30B-300x228.jpeg 300w, https:\/\/gjeilo.no\/wp-content\/uploads\/2022\/07\/3D5BCA25-E8CE-4CB9-9742-F7DBF76CD30B-768x585.jpeg 768w\" sizes=\"auto, (max-width: 960px) 100vw, 960px\" \/><\/a><figcaption class=\"wp-element-caption\">Fr\u00e5 Smildenhuset p\u00e5 L\u00e6rdals\u00f8yri. Dama i d\u00f8ra er nok Kari Gundersdotter Kvist (Qvist). Bak p\u00e5 trappa sit Gustav Smilden saman med kona og s\u00f8ster til Anna, Ragnhild. Kari gjekk bort i 1938 s\u00e5 dette m\u00e5 vere litt tidlegare p\u00e5 30-talet. Fremst til venstre ei anna syster til Anna.<\/figcaption><\/figure>\n\n\n\n<figure class=\"wp-block-image size-large\"><a href=\"https:\/\/gjeilo.no\/wp-content\/uploads\/2020\/03\/78D1E0F6-7F25-47FA-8B71-D30DCEC99B32.jpeg\"><img loading=\"lazy\" decoding=\"async\" width=\"1024\" height=\"681\" data-id=\"996\" src=\"https:\/\/gjeilo.no\/wp-content\/uploads\/2020\/03\/78D1E0F6-7F25-47FA-8B71-D30DCEC99B32-1024x681.jpeg\" alt=\"Smilden\" class=\"wp-image-996\" srcset=\"https:\/\/gjeilo.no\/wp-content\/uploads\/2020\/03\/78D1E0F6-7F25-47FA-8B71-D30DCEC99B32-1024x681.jpeg 1024w, https:\/\/gjeilo.no\/wp-content\/uploads\/2020\/03\/78D1E0F6-7F25-47FA-8B71-D30DCEC99B32-300x199.jpeg 300w, https:\/\/gjeilo.no\/wp-content\/uploads\/2020\/03\/78D1E0F6-7F25-47FA-8B71-D30DCEC99B32-768x511.jpeg 768w, https:\/\/gjeilo.no\/wp-content\/uploads\/2020\/03\/78D1E0F6-7F25-47FA-8B71-D30DCEC99B32.jpeg 1083w\" sizes=\"auto, (max-width: 1024px) 100vw, 1024px\" \/><\/a><figcaption class=\"wp-element-caption\">Smildenhuset p\u00e5 L\u00e6rdals\u00f8yri der Kari og Kristoffer budde. Foto: Wenche Kroken<\/figcaption><\/figure>\n<\/figure>\n","protected":false},"excerpt":{"rendered":"<p>Bilde fr\u00e5 L\u00e6rdals\u00f8yri.<\/p>\n","protected":false},"author":2,"featured_media":0,"parent":0,"menu_order":0,"comment_status":"closed","ping_status":"closed","template":"","meta":{"footnotes":""},"class_list":["post-2960","page","type-page","status-publish","hentry"],"yoast_head":"<!-- This site is optimized with the Yoast SEO plugin v26.0 - https:\/\/yoast.com\/wordpress\/plugins\/seo\/ -->\n<title>Smilden \/ L\u00e6rdals\u00f8yri - Slektskap<\/title>\n<meta name=\"robots\" content=\"index, follow, max-snippet:-1, max-image-preview:large, max-video-preview:-1\" \/>\n<link rel=\"canonical\" href=\"https:\/\/gjeilo.no\/?page_id=2960\" \/>\n<meta property=\"og:locale\" content=\"nb_NO\" \/>\n<meta property=\"og:type\" content=\"article\" \/>\n<meta property=\"og:title\" content=\"Smilden \/ L\u00e6rdals\u00f8yri - Slektskap\" \/>\n<meta property=\"og:description\" content=\"Bilde fr\u00e5 L\u00e6rdals\u00f8yri.\" \/>\n<meta property=\"og:url\" content=\"https:\/\/gjeilo.no\/?page_id=2960\" \/>\n<meta property=\"og:site_name\" content=\"Slektskap\" \/>\n<meta property=\"article:modified_time\" content=\"2024-11-18T10:09:06+00:00\" \/>\n<meta property=\"og:image\" content=\"https:\/\/gjeilo.no\/wp-content\/uploads\/2020\/03\/DSCN3449.jpg\" \/>\n\t<meta property=\"og:image:width\" content=\"2048\" \/>\n\t<meta property=\"og:image:height\" content=\"1536\" \/>\n\t<meta property=\"og:image:type\" content=\"image\/jpeg\" \/>\n<meta name=\"twitter:card\" content=\"summary_large_image\" \/>\n<meta name=\"twitter:label1\" content=\"Ansl. lesetid\" \/>\n\t<meta name=\"twitter:data1\" content=\"2 minutter\" \/>\n<script type=\"application\/ld+json\" class=\"yoast-schema-graph\">{\"@context\":\"https:\/\/schema.org\",\"@graph\":[{\"@type\":\"WebPage\",\"@id\":\"https:\/\/gjeilo.no\/?page_id=2960\",\"url\":\"https:\/\/gjeilo.no\/?page_id=2960\",\"name\":\"Smilden \/ L\u00e6rdals\u00f8yri - Slektskap\",\"isPartOf\":{\"@id\":\"https:\/\/gjeilo.no\/#website\"},\"primaryImageOfPage\":{\"@id\":\"https:\/\/gjeilo.no\/?page_id=2960#primaryimage\"},\"image\":{\"@id\":\"https:\/\/gjeilo.no\/?page_id=2960#primaryimage\"},\"thumbnailUrl\":\"https:\/\/gjeilo.no\/wp-content\/uploads\/2020\/03\/DSCN3449-1024x768.jpg\",\"datePublished\":\"2023-01-31T16:31:37+00:00\",\"dateModified\":\"2024-11-18T10:09:06+00:00\",\"breadcrumb\":{\"@id\":\"https:\/\/gjeilo.no\/?page_id=2960#breadcrumb\"},\"inLanguage\":\"nb-NO\",\"potentialAction\":[{\"@type\":\"ReadAction\",\"target\":[\"https:\/\/gjeilo.no\/?page_id=2960\"]}]},{\"@type\":\"ImageObject\",\"inLanguage\":\"nb-NO\",\"@id\":\"https:\/\/gjeilo.no\/?page_id=2960#primaryimage\",\"url\":\"https:\/\/gjeilo.no\/wp-content\/uploads\/2020\/03\/DSCN3449.jpg\",\"contentUrl\":\"https:\/\/gjeilo.no\/wp-content\/uploads\/2020\/03\/DSCN3449.jpg\",\"width\":2048,\"height\":1536,\"caption\":\"Smilden p\u00e5 L\u00e6rdals\u00f8yra der Anna voks opp. P\u00e5 trappa antakeleg Kari Gjerde, mor til Anna.\"},{\"@type\":\"BreadcrumbList\",\"@id\":\"https:\/\/gjeilo.no\/?page_id=2960#breadcrumb\",\"itemListElement\":[{\"@type\":\"ListItem\",\"position\":1,\"name\":\"Hjem\",\"item\":\"https:\/\/gjeilo.no\/\"},{\"@type\":\"ListItem\",\"position\":2,\"name\":\"Smilden \/ L\u00e6rdals\u00f8yri\"}]},{\"@type\":\"WebSite\",\"@id\":\"https:\/\/gjeilo.no\/#website\",\"url\":\"https:\/\/gjeilo.no\/\",\"name\":\"Slektskap\",\"description\":\"\",\"potentialAction\":[{\"@type\":\"SearchAction\",\"target\":{\"@type\":\"EntryPoint\",\"urlTemplate\":\"https:\/\/gjeilo.no\/?s={search_term_string}\"},\"query-input\":{\"@type\":\"PropertyValueSpecification\",\"valueRequired\":true,\"valueName\":\"search_term_string\"}}],\"inLanguage\":\"nb-NO\"}]}<\/script>\n<!-- \/ Yoast SEO plugin. -->","yoast_head_json":{"title":"Smilden \/ L\u00e6rdals\u00f8yri - Slektskap","robots":{"index":"index","follow":"follow","max-snippet":"max-snippet:-1","max-image-preview":"max-image-preview:large","max-video-preview":"max-video-preview:-1"},"canonical":"https:\/\/gjeilo.no\/?page_id=2960","og_locale":"nb_NO","og_type":"article","og_title":"Smilden \/ L\u00e6rdals\u00f8yri - Slektskap","og_description":"Bilde fr\u00e5 L\u00e6rdals\u00f8yri.","og_url":"https:\/\/gjeilo.no\/?page_id=2960","og_site_name":"Slektskap","article_modified_time":"2024-11-18T10:09:06+00:00","og_image":[{"width":2048,"height":1536,"url":"https:\/\/gjeilo.no\/wp-content\/uploads\/2020\/03\/DSCN3449.jpg","type":"image\/jpeg"}],"twitter_card":"summary_large_image","twitter_misc":{"Ansl. lesetid":"2 minutter"},"schema":{"@context":"https:\/\/schema.org","@graph":[{"@type":"WebPage","@id":"https:\/\/gjeilo.no\/?page_id=2960","url":"https:\/\/gjeilo.no\/?page_id=2960","name":"Smilden \/ L\u00e6rdals\u00f8yri - Slektskap","isPartOf":{"@id":"https:\/\/gjeilo.no\/#website"},"primaryImageOfPage":{"@id":"https:\/\/gjeilo.no\/?page_id=2960#primaryimage"},"image":{"@id":"https:\/\/gjeilo.no\/?page_id=2960#primaryimage"},"thumbnailUrl":"https:\/\/gjeilo.no\/wp-content\/uploads\/2020\/03\/DSCN3449-1024x768.jpg","datePublished":"2023-01-31T16:31:37+00:00","dateModified":"2024-11-18T10:09:06+00:00","breadcrumb":{"@id":"https:\/\/gjeilo.no\/?page_id=2960#breadcrumb"},"inLanguage":"nb-NO","potentialAction":[{"@type":"ReadAction","target":["https:\/\/gjeilo.no\/?page_id=2960"]}]},{"@type":"ImageObject","inLanguage":"nb-NO","@id":"https:\/\/gjeilo.no\/?page_id=2960#primaryimage","url":"https:\/\/gjeilo.no\/wp-content\/uploads\/2020\/03\/DSCN3449.jpg","contentUrl":"https:\/\/gjeilo.no\/wp-content\/uploads\/2020\/03\/DSCN3449.jpg","width":2048,"height":1536,"caption":"Smilden p\u00e5 L\u00e6rdals\u00f8yra der Anna voks opp. P\u00e5 trappa antakeleg Kari Gjerde, mor til Anna."},{"@type":"BreadcrumbList","@id":"https:\/\/gjeilo.no\/?page_id=2960#breadcrumb","itemListElement":[{"@type":"ListItem","position":1,"name":"Hjem","item":"https:\/\/gjeilo.no\/"},{"@type":"ListItem","position":2,"name":"Smilden \/ L\u00e6rdals\u00f8yri"}]},{"@type":"WebSite","@id":"https:\/\/gjeilo.no\/#website","url":"https:\/\/gjeilo.no\/","name":"Slektskap","description":"","potentialAction":[{"@type":"SearchAction","target":{"@type":"EntryPoint","urlTemplate":"https:\/\/gjeilo.no\/?s={search_term_string}"},"query-input":{"@type":"PropertyValueSpecification","valueRequired":true,"valueName":"search_term_string"}}],"inLanguage":"nb-NO"}]}},"_links":{"self":[{"href":"https:\/\/gjeilo.no\/index.php?rest_route=\/wp\/v2\/pages\/2960","targetHints":{"allow":["GET"]}}],"collection":[{"href":"https:\/\/gjeilo.no\/index.php?rest_route=\/wp\/v2\/pages"}],"about":[{"href":"https:\/\/gjeilo.no\/index.php?rest_route=\/wp\/v2\/types\/page"}],"author":[{"embeddable":true,"href":"https:\/\/gjeilo.no\/index.php?rest_route=\/wp\/v2\/users\/2"}],"replies":[{"embeddable":true,"href":"https:\/\/gjeilo.no\/index.php?rest_route=%2Fwp%2Fv2%2Fcomments&post=2960"}],"version-history":[{"count":3,"href":"https:\/\/gjeilo.no\/index.php?rest_route=\/wp\/v2\/pages\/2960\/revisions"}],"predecessor-version":[{"id":6218,"href":"https:\/\/gjeilo.no\/index.php?rest_route=\/wp\/v2\/pages\/2960\/revisions\/6218"}],"wp:attachment":[{"href":"https:\/\/gjeilo.no\/index.php?rest_route=%2Fwp%2Fv2%2Fmedia&parent=2960"}],"curies":[{"name":"wp","href":"https:\/\/api.w.org\/{rel}","templated":true}]}}

Smilden / Lærdalsøyri

<p>Bilde frå Lærdalsøyri.</p>



<figure class="wp-block-gallery has-nested-images columns-1 wp-block-gallery-1 is-layout-flex wp-block-gallery-is-layout-flex">
<figure class="wp-block-image size-large"><a href="https://gjeilo.no/wp-content/uploads/2020/03/DSCN3449.jpg"><img loading="lazy" decoding="async" width="1024" height="768" data-id="1249" src="https://gjeilo.no/wp-content/uploads/2020/03/DSCN3449-1024x768.jpg" alt="" class="wp-image-1249" srcset="https://gjeilo.no/wp-content/uploads/2020/03/DSCN3449-1024x768.jpg 1024w, https://gjeilo.no/wp-content/uploads/2020/03/DSCN3449-300x225.jpg 300w, https://gjeilo.no/wp-content/uploads/2020/03/DSCN3449-768x576.jpg 768w, https://gjeilo.no/wp-content/uploads/2020/03/DSCN3449-1536x1152.jpg 1536w, https://gjeilo.no/wp-content/uploads/2020/03/DSCN3449.jpg 2048w" sizes="auto, (max-width: 1024px) 100vw, 1024px" /></a><figcaption class="wp-element-caption">Smilden på Lærdalsøyra der Anna voks opp. På trappa antakeleg Kari Gjerde, mor til Anna.</figcaption></figure>



<figure class="wp-block-image size-large"><a href="https://gjeilo.no/wp-content/uploads/2020/03/DSCN3412.jpg"><img loading="lazy" decoding="async" width="1024" height="768" data-id="1261" src="https://gjeilo.no/wp-content/uploads/2020/03/DSCN3412-1024x768.jpg" alt="" class="wp-image-1261" srcset="https://gjeilo.no/wp-content/uploads/2020/03/DSCN3412-1024x768.jpg 1024w, https://gjeilo.no/wp-content/uploads/2020/03/DSCN3412-300x225.jpg 300w, https://gjeilo.no/wp-content/uploads/2020/03/DSCN3412-768x576.jpg 768w, https://gjeilo.no/wp-content/uploads/2020/03/DSCN3412-1536x1152.jpg 1536w, https://gjeilo.no/wp-content/uploads/2020/03/DSCN3412.jpg 2048w" sizes="auto, (max-width: 1024px) 100vw, 1024px" /></a><figcaption class="wp-element-caption">Smildenhuset i Lærdal der Anna kom frå. Ragnhild, yngste syster til Anna, med mann Gustad Smilden. Borna er frå venstre Kari, Randi og Gunnar.</figcaption></figure>



<figure class="wp-block-image size-large"><a href="https://gjeilo.no/wp-content/uploads/2022/07/3D5BCA25-E8CE-4CB9-9742-F7DBF76CD30B.jpeg"><img loading="lazy" decoding="async" width="960" height="731" data-id="2141" src="https://gjeilo.no/wp-content/uploads/2022/07/3D5BCA25-E8CE-4CB9-9742-F7DBF76CD30B.jpeg" alt="Kari Gundersdotter Kvist qvist" class="wp-image-2141" srcset="https://gjeilo.no/wp-content/uploads/2022/07/3D5BCA25-E8CE-4CB9-9742-F7DBF76CD30B.jpeg 960w, https://gjeilo.no/wp-content/uploads/2022/07/3D5BCA25-E8CE-4CB9-9742-F7DBF76CD30B-300x228.jpeg 300w, https://gjeilo.no/wp-content/uploads/2022/07/3D5BCA25-E8CE-4CB9-9742-F7DBF76CD30B-768x585.jpeg 768w" sizes="auto, (max-width: 960px) 100vw, 960px" /></a><figcaption class="wp-element-caption">Frå Smildenhuset på Lærdalsøyri. Dama i døra er nok Kari Gundersdotter Kvist (Qvist). Bak på trappa sit Gustav Smilden saman med kona og søster til Anna, Ragnhild. Kari gjekk bort i 1938 så dette må vere litt tidlegare på 30-talet. Fremst til venstre ei anna syster til Anna.</figcaption></figure>



<figure class="wp-block-image size-large"><a href="https://gjeilo.no/wp-content/uploads/2020/03/78D1E0F6-7F25-47FA-8B71-D30DCEC99B32.jpeg"><img loading="lazy" decoding="async" width="1024" height="681" data-id="996" src="https://gjeilo.no/wp-content/uploads/2020/03/78D1E0F6-7F25-47FA-8B71-D30DCEC99B32-1024x681.jpeg" alt="Smilden" class="wp-image-996" srcset="https://gjeilo.no/wp-content/uploads/2020/03/78D1E0F6-7F25-47FA-8B71-D30DCEC99B32-1024x681.jpeg 1024w, https://gjeilo.no/wp-content/uploads/2020/03/78D1E0F6-7F25-47FA-8B71-D30DCEC99B32-300x199.jpeg 300w, https://gjeilo.no/wp-content/uploads/2020/03/78D1E0F6-7F25-47FA-8B71-D30DCEC99B32-768x511.jpeg 768w, https://gjeilo.no/wp-content/uploads/2020/03/78D1E0F6-7F25-47FA-8B71-D30DCEC99B32.jpeg 1083w" sizes="auto, (max-width: 1024px) 100vw, 1024px" /></a><figcaption class="wp-element-caption">Smildenhuset på Lærdalsøyri der Kari og Kristoffer budde. Foto: Wenche Kroken</figcaption></figure>
</figure>

<p>Bilde frå Lærdalsøyri.</p>

<!-- This site is optimized with the Yoast SEO plugin v26.0 - https://yoast.com/wordpress/plugins/seo/ -->
<title>Smilden / Lærdalsøyri - Slektskap</title>
<meta name="robots" content="index, follow, max-snippet:-1, max-image-preview:large, max-video-preview:-1" />
<link rel="canonical" href="https://gjeilo.no/?page_id=2960" />
<meta property="og:locale" content="nb_NO" />
<meta property="og:type" content="article" />
<meta property="og:title" content="Smilden / Lærdalsøyri - Slektskap" />
<meta property="og:description" content="Bilde frå Lærdalsøyri." />
<meta property="og:url" content="https://gjeilo.no/?page_id=2960" />
<meta property="og:site_name" content="Slektskap" />
<meta property="article:modified_time" content="2024-11-18T10:09:06+00:00" />
<meta property="og:image" content="https://gjeilo.no/wp-content/uploads/2020/03/DSCN3449.jpg" />
	<meta property="og:image:width" content="2048" />
	<meta property="og:image:height" content="1536" />
	<meta property="og:image:type" content="image/jpeg" />
<meta name="twitter:card" content="summary_large_image" />
<meta name="twitter:label1" content="Ansl. lesetid" />
	<meta name="twitter:data1" content="2 minutter" />
<script type="application/ld+json" class="yoast-schema-graph">{"@context":"https://schema.org","@graph":[{"@type":"WebPage","@id":"https://gjeilo.no/?page_id=2960","url":"https://gjeilo.no/?page_id=2960","name":"Smilden / Lærdalsøyri - Slektskap","isPartOf":{"@id":"https://gjeilo.no/#website"},"primaryImageOfPage":{"@id":"https://gjeilo.no/?page_id=2960#primaryimage"},"image":{"@id":"https://gjeilo.no/?page_id=2960#primaryimage"},"thumbnailUrl":"https://gjeilo.no/wp-content/uploads/2020/03/DSCN3449-1024x768.jpg","datePublished":"2023-01-31T16:31:37+00:00","dateModified":"2024-11-18T10:09:06+00:00","breadcrumb":{"@id":"https://gjeilo.no/?page_id=2960#breadcrumb"},"inLanguage":"nb-NO","potentialAction":[{"@type":"ReadAction","target":["https://gjeilo.no/?page_id=2960"]}]},{"@type":"ImageObject","inLanguage":"nb-NO","@id":"https://gjeilo.no/?page_id=2960#primaryimage","url":"https://gjeilo.no/wp-content/uploads/2020/03/DSCN3449.jpg","contentUrl":"https://gjeilo.no/wp-content/uploads/2020/03/DSCN3449.jpg","width":2048,"height":1536,"caption":"Smilden på Lærdalsøyra der Anna voks opp. På trappa antakeleg Kari Gjerde, mor til Anna."},{"@type":"BreadcrumbList","@id":"https://gjeilo.no/?page_id=2960#breadcrumb","itemListElement":[{"@type":"ListItem","position":1,"name":"Hjem","item":"https://gjeilo.no/"},{"@type":"ListItem","position":2,"name":"Smilden / Lærdalsøyri"}]},{"@type":"WebSite","@id":"https://gjeilo.no/#website","url":"https://gjeilo.no/","name":"Slektskap","description":"","potentialAction":[{"@type":"SearchAction","target":{"@type":"EntryPoint","urlTemplate":"https://gjeilo.no/?s={search_term_string}"},"query-input":{"@type":"PropertyValueSpecification","valueRequired":true,"valueName":"search_term_string"}}],"inLanguage":"nb-NO"}]}</script>
<!-- / Yoast SEO plugin. -->

Smilden / Lærdalsøyri - Slektskap

Bilde frå Lærdalsøyri.

Smilden på Lærdalsøyra der Anna voks opp. På trappa antakeleg Kari Gjerde, mor til Anna.
