{"id":290,"date":"2015-09-01T10:44:59","date_gmt":"2015-09-01T10:44:59","guid":{"rendered":"https:\/\/gjeilo.no\/?page_id=290"},"modified":"2024-11-09T20:02:38","modified_gmt":"2024-11-09T20:02:38","slug":"halvor-engum","status":"publish","type":"page","link":"https:\/\/gjeilo.no\/?page_id=290","title":{"rendered":"Halvor Engum"},"content":{"rendered":"<p><a href=\"https:\/\/gjeilo.no\/wp-content\/uploads\/2015\/09\/1007.jpg\"><img loading=\"lazy\" decoding=\"async\" class=\"alignright wp-image-291 size-full\" src=\"https:\/\/gjeilo.no\/wp-content\/uploads\/2015\/09\/1007.jpg\" alt=\"1007\" width=\"177\" height=\"248\" \/><\/a>F\u00f8dd:\u00a0\u00a0 f. 29. desember 1819 i Lom<br \/>D\u00f8d: d. 18. februar 1880\u00a0\u00a0 <a href=\"https:\/\/www.geni.com\/people\/Halvor-Engum\/6000000009246014938?through=6000000018290623835\" target=\"_blank\" rel=\"noopener\">GENI<\/a><br \/>Gift med: <a title=\"Liv\u00f8 Mallaug (nedre)\" href=\"https:\/\/gjeilo.no\/?page_id=283\">Liv\u00f8 Mallaug<\/a> (f. 1829)<br \/>Mor: Anne Amundsdotter Sulheimsholen (Akslen), f. 1782 i Lom, d. 15. februar 1855. Begravet i Lom. <a href=\"https:\/\/www.geni.com\/people\/Arne-Sulheims%C3%B8yen\/6000000018290623835?through=6000000009246014938\" target=\"_blank\" rel=\"noopener\">GENI<\/a><br \/>Far: Arne Hallvorsson Sulheims\u00f8yen, f. 1775 i Lom, d. 16. januar 1831. Begravet i Lom. <a href=\"https:\/\/www.geni.com\/people\/Arne-Sulheims%C3%B8yen\/6000000018290623835?through=6000000009246014938\" target=\"_blank\" rel=\"noopener\">GENI<\/a><\/p>\n<p>Ektemannen til Anne Jonsdotter Engum og Liv\u00f8 Kristensdotter Engum<br \/>Far til Julie Halvorsdotter Vaagaasar og Christian Halvorsen Engum<br \/>Bror av Tosten Arnesen Sulheimsholen; Amund Arnesson Morkarunningen og Arne Arnesson Sulheimsholen<br \/>Halvbror av Syver Tostensson Sulheimsholen; Embj\u00f8rg Tostensdotter Sulheimsholen; Syver Tostensson Sulheimsholen og Rannei Tostensdotter Sulheimsholen<\/p>\n<p>Born:<br \/><a title=\"Julianna Engum (Julie)\" href=\"https:\/\/gjeilo.no\/?page_id=267\"><strong>Julianna<\/strong> <\/a>(f. 1862)<br \/><strong>Kristian<\/strong> (reiste til Amerika)<\/p>\n<p>Fr\u00e5 Olav T Kvaale: &laquo;Gamalt fr\u00e5 Lom&raquo;:<\/p>\n<p>B\u00e5nsullen som Hallvor Engjom song at dottera Julianna :<\/p>\n<p>&laquo;Sulli lulli, Juli, Anna Svein`haugje.&raquo;<br \/>(Halvor var brukar i Sveinhaugen ei tid.)<br \/><a href=\"https:\/\/gjeilo.no\"><img loading=\"lazy\" decoding=\"async\" class=\"alignnone  wp-image-6142\" src=\"https:\/\/gjeilo.no\/wp-content\/uploads\/2024\/11\/dor-100-DPI-1.png\" alt=\"\" width=\"89\" height=\"15\" \/><\/a><\/p>\n\n\n<figure class=\"wp-block-image size-large\"><a href=\"https:\/\/gjeilo.no\/wp-content\/uploads\/2023\/01\/IMG_3504-scaled.jpg\"><img loading=\"lazy\" decoding=\"async\" width=\"1024\" height=\"738\" src=\"https:\/\/gjeilo.no\/wp-content\/uploads\/2023\/01\/IMG_3504-1024x738.jpg\" alt=\"\" class=\"wp-image-2765\" srcset=\"https:\/\/gjeilo.no\/wp-content\/uploads\/2023\/01\/IMG_3504-1024x738.jpg 1024w, https:\/\/gjeilo.no\/wp-content\/uploads\/2023\/01\/IMG_3504-300x216.jpg 300w, https:\/\/gjeilo.no\/wp-content\/uploads\/2023\/01\/IMG_3504-768x554.jpg 768w, https:\/\/gjeilo.no\/wp-content\/uploads\/2023\/01\/IMG_3504-1536x1107.jpg 1536w, https:\/\/gjeilo.no\/wp-content\/uploads\/2023\/01\/IMG_3504-2048x1476.jpg 2048w\" sizes=\"auto, (max-width: 1024px) 100vw, 1024px\" \/><\/a><figcaption class=\"wp-element-caption\">Halvor og Liv\u00f8 Engum, foreldra til Julianna\/Julie<\/figcaption><\/figure>\n","protected":false},"excerpt":{"rendered":"<p>F\u00f8dd:\u00a0\u00a0 f. 29. desember 1819 i LomD\u00f8d: d. 18. februar 1880\u00a0\u00a0 GENIGift med: Liv\u00f8 Mallaug (f. 1829)Mor: Anne Amundsdotter Sulheimsholen (Akslen), f. 1782 i Lom, d. 15. februar 1855. Begravet i Lom. GENIFar: Arne Hallvorsson Sulheims\u00f8yen, f. 1775 i Lom, d. 16. januar 1831. Begravet i Lom. GENI Ektemannen til Anne Jonsdotter Engum og Liv\u00f8 &hellip; <a href=\"https:\/\/gjeilo.no\/?page_id=290\" class=\"more-link\">Fortsett \u00e5 lese <span class=\"screen-reader-text\">Halvor Engum<\/span><\/a><\/p>\n","protected":false},"author":2,"featured_media":0,"parent":0,"menu_order":0,"comment_status":"closed","ping_status":"open","template":"","meta":{"footnotes":""},"class_list":["post-290","page","type-page","status-publish","hentry"],"yoast_head":"<!-- This site is optimized with the Yoast SEO plugin v26.0 - https:\/\/yoast.com\/wordpress\/plugins\/seo\/ -->\n<title>Halvor Engum - Slektskap<\/title>\n<meta name=\"robots\" content=\"index, follow, max-snippet:-1, max-image-preview:large, max-video-preview:-1\" \/>\n<link rel=\"canonical\" href=\"https:\/\/gjeilo.no\/?page_id=290\" \/>\n<meta property=\"og:locale\" content=\"nb_NO\" \/>\n<meta property=\"og:type\" content=\"article\" \/>\n<meta property=\"og:title\" content=\"Halvor Engum - Slektskap\" \/>\n<meta property=\"og:description\" content=\"F\u00f8dd:\u00a0\u00a0 f. 29. desember 1819 i LomD\u00f8d: d. 18. februar 1880\u00a0\u00a0 GENIGift med: Liv\u00f8 Mallaug (f. 1829)Mor: Anne Amundsdotter Sulheimsholen (Akslen), f. 1782 i Lom, d. 15. februar 1855. Begravet i Lom. GENIFar: Arne Hallvorsson Sulheims\u00f8yen, f. 1775 i Lom, d. 16. januar 1831. Begravet i Lom. GENI Ektemannen til Anne Jonsdotter Engum og Liv\u00f8 &hellip; Fortsett \u00e5 lese Halvor Engum\" \/>\n<meta property=\"og:url\" content=\"https:\/\/gjeilo.no\/?page_id=290\" \/>\n<meta property=\"og:site_name\" content=\"Slektskap\" \/>\n<meta property=\"article:modified_time\" content=\"2024-11-09T20:02:38+00:00\" \/>\n<meta property=\"og:image\" content=\"https:\/\/gjeilo.no\/wp-content\/uploads\/2015\/09\/1007.jpg\" \/>\n\t<meta property=\"og:image:width\" content=\"177\" \/>\n\t<meta property=\"og:image:height\" content=\"248\" \/>\n\t<meta property=\"og:image:type\" content=\"image\/jpeg\" \/>\n<meta name=\"twitter:card\" content=\"summary_large_image\" \/>\n<meta name=\"twitter:label1\" content=\"Ansl. lesetid\" \/>\n\t<meta name=\"twitter:data1\" content=\"2 minutter\" \/>\n<script type=\"application\/ld+json\" class=\"yoast-schema-graph\">{\"@context\":\"https:\/\/schema.org\",\"@graph\":[{\"@type\":\"WebPage\",\"@id\":\"https:\/\/gjeilo.no\/?page_id=290\",\"url\":\"https:\/\/gjeilo.no\/?page_id=290\",\"name\":\"Halvor Engum - Slektskap\",\"isPartOf\":{\"@id\":\"https:\/\/gjeilo.no\/#website\"},\"primaryImageOfPage\":{\"@id\":\"https:\/\/gjeilo.no\/?page_id=290#primaryimage\"},\"image\":{\"@id\":\"https:\/\/gjeilo.no\/?page_id=290#primaryimage\"},\"thumbnailUrl\":\"https:\/\/gjeilo.no\/wp-content\/uploads\/2015\/09\/1007.jpg\",\"datePublished\":\"2015-09-01T10:44:59+00:00\",\"dateModified\":\"2024-11-09T20:02:38+00:00\",\"breadcrumb\":{\"@id\":\"https:\/\/gjeilo.no\/?page_id=290#breadcrumb\"},\"inLanguage\":\"nb-NO\",\"potentialAction\":[{\"@type\":\"ReadAction\",\"target\":[\"https:\/\/gjeilo.no\/?page_id=290\"]}]},{\"@type\":\"ImageObject\",\"inLanguage\":\"nb-NO\",\"@id\":\"https:\/\/gjeilo.no\/?page_id=290#primaryimage\",\"url\":\"https:\/\/gjeilo.no\/wp-content\/uploads\/2015\/09\/1007.jpg\",\"contentUrl\":\"https:\/\/gjeilo.no\/wp-content\/uploads\/2015\/09\/1007.jpg\"},{\"@type\":\"BreadcrumbList\",\"@id\":\"https:\/\/gjeilo.no\/?page_id=290#breadcrumb\",\"itemListElement\":[{\"@type\":\"ListItem\",\"position\":1,\"name\":\"Hjem\",\"item\":\"https:\/\/gjeilo.no\/\"},{\"@type\":\"ListItem\",\"position\":2,\"name\":\"Halvor Engum\"}]},{\"@type\":\"WebSite\",\"@id\":\"https:\/\/gjeilo.no\/#website\",\"url\":\"https:\/\/gjeilo.no\/\",\"name\":\"Slektskap\",\"description\":\"\",\"potentialAction\":[{\"@type\":\"SearchAction\",\"target\":{\"@type\":\"EntryPoint\",\"urlTemplate\":\"https:\/\/gjeilo.no\/?s={search_term_string}\"},\"query-input\":{\"@type\":\"PropertyValueSpecification\",\"valueRequired\":true,\"valueName\":\"search_term_string\"}}],\"inLanguage\":\"nb-NO\"}]}<\/script>\n<!-- \/ Yoast SEO plugin. -->","yoast_head_json":{"title":"Halvor Engum - Slektskap","robots":{"index":"index","follow":"follow","max-snippet":"max-snippet:-1","max-image-preview":"max-image-preview:large","max-video-preview":"max-video-preview:-1"},"canonical":"https:\/\/gjeilo.no\/?page_id=290","og_locale":"nb_NO","og_type":"article","og_title":"Halvor Engum - Slektskap","og_description":"F\u00f8dd:\u00a0\u00a0 f. 29. desember 1819 i LomD\u00f8d: d. 18. februar 1880\u00a0\u00a0 GENIGift med: Liv\u00f8 Mallaug (f. 1829)Mor: Anne Amundsdotter Sulheimsholen (Akslen), f. 1782 i Lom, d. 15. februar 1855. Begravet i Lom. GENIFar: Arne Hallvorsson Sulheims\u00f8yen, f. 1775 i Lom, d. 16. januar 1831. Begravet i Lom. GENI Ektemannen til Anne Jonsdotter Engum og Liv\u00f8 &hellip; Fortsett \u00e5 lese Halvor Engum","og_url":"https:\/\/gjeilo.no\/?page_id=290","og_site_name":"Slektskap","article_modified_time":"2024-11-09T20:02:38+00:00","og_image":[{"width":177,"height":248,"url":"https:\/\/gjeilo.no\/wp-content\/uploads\/2015\/09\/1007.jpg","type":"image\/jpeg"}],"twitter_card":"summary_large_image","twitter_misc":{"Ansl. lesetid":"2 minutter"},"schema":{"@context":"https:\/\/schema.org","@graph":[{"@type":"WebPage","@id":"https:\/\/gjeilo.no\/?page_id=290","url":"https:\/\/gjeilo.no\/?page_id=290","name":"Halvor Engum - Slektskap","isPartOf":{"@id":"https:\/\/gjeilo.no\/#website"},"primaryImageOfPage":{"@id":"https:\/\/gjeilo.no\/?page_id=290#primaryimage"},"image":{"@id":"https:\/\/gjeilo.no\/?page_id=290#primaryimage"},"thumbnailUrl":"https:\/\/gjeilo.no\/wp-content\/uploads\/2015\/09\/1007.jpg","datePublished":"2015-09-01T10:44:59+00:00","dateModified":"2024-11-09T20:02:38+00:00","breadcrumb":{"@id":"https:\/\/gjeilo.no\/?page_id=290#breadcrumb"},"inLanguage":"nb-NO","potentialAction":[{"@type":"ReadAction","target":["https:\/\/gjeilo.no\/?page_id=290"]}]},{"@type":"ImageObject","inLanguage":"nb-NO","@id":"https:\/\/gjeilo.no\/?page_id=290#primaryimage","url":"https:\/\/gjeilo.no\/wp-content\/uploads\/2015\/09\/1007.jpg","contentUrl":"https:\/\/gjeilo.no\/wp-content\/uploads\/2015\/09\/1007.jpg"},{"@type":"BreadcrumbList","@id":"https:\/\/gjeilo.no\/?page_id=290#breadcrumb","itemListElement":[{"@type":"ListItem","position":1,"name":"Hjem","item":"https:\/\/gjeilo.no\/"},{"@type":"ListItem","position":2,"name":"Halvor Engum"}]},{"@type":"WebSite","@id":"https:\/\/gjeilo.no\/#website","url":"https:\/\/gjeilo.no\/","name":"Slektskap","description":"","potentialAction":[{"@type":"SearchAction","target":{"@type":"EntryPoint","urlTemplate":"https:\/\/gjeilo.no\/?s={search_term_string}"},"query-input":{"@type":"PropertyValueSpecification","valueRequired":true,"valueName":"search_term_string"}}],"inLanguage":"nb-NO"}]}},"_links":{"self":[{"href":"https:\/\/gjeilo.no\/index.php?rest_route=\/wp\/v2\/pages\/290","targetHints":{"allow":["GET"]}}],"collection":[{"href":"https:\/\/gjeilo.no\/index.php?rest_route=\/wp\/v2\/pages"}],"about":[{"href":"https:\/\/gjeilo.no\/index.php?rest_route=\/wp\/v2\/types\/page"}],"author":[{"embeddable":true,"href":"https:\/\/gjeilo.no\/index.php?rest_route=\/wp\/v2\/users\/2"}],"replies":[{"embeddable":true,"href":"https:\/\/gjeilo.no\/index.php?rest_route=%2Fwp%2Fv2%2Fcomments&post=290"}],"version-history":[{"count":18,"href":"https:\/\/gjeilo.no\/index.php?rest_route=\/wp\/v2\/pages\/290\/revisions"}],"predecessor-version":[{"id":6203,"href":"https:\/\/gjeilo.no\/index.php?rest_route=\/wp\/v2\/pages\/290\/revisions\/6203"}],"wp:attachment":[{"href":"https:\/\/gjeilo.no\/index.php?rest_route=%2Fwp%2Fv2%2Fmedia&parent=290"}],"curies":[{"name":"wp","href":"https:\/\/api.w.org\/{rel}","templated":true}]}}

<p><a href="https://gjeilo.no/wp-content/uploads/2015/09/1007.jpg"><img loading="lazy" decoding="async" class="alignright wp-image-291 size-full" src="https://gjeilo.no/wp-content/uploads/2015/09/1007.jpg" alt="1007" width="177" height="248" /></a>Fødd:   f. 29. desember 1819 i Lom<br />Død: d. 18. februar 1880   <a href="https://www.geni.com/people/Halvor-Engum/6000000009246014938?through=6000000018290623835" target="_blank" rel="noopener">GENI</a><br />Gift med: <a title="Livø Mallaug (nedre)" href="https://gjeilo.no/?page_id=283">Livø Mallaug</a> (f. 1829)<br />Mor: Anne Amundsdotter Sulheimsholen (Akslen), f. 1782 i Lom, d. 15. februar 1855. Begravet i Lom. <a href="https://www.geni.com/people/Arne-Sulheims%C3%B8yen/6000000018290623835?through=6000000009246014938" target="_blank" rel="noopener">GENI</a><br />Far: Arne Hallvorsson Sulheimsøyen, f. 1775 i Lom, d. 16. januar 1831. Begravet i Lom. <a href="https://www.geni.com/people/Arne-Sulheims%C3%B8yen/6000000018290623835?through=6000000009246014938" target="_blank" rel="noopener">GENI</a></p>
<p>Ektemannen til Anne Jonsdotter Engum og Livø Kristensdotter Engum<br />Far til Julie Halvorsdotter Vaagaasar og Christian Halvorsen Engum<br />Bror av Tosten Arnesen Sulheimsholen; Amund Arnesson Morkarunningen og Arne Arnesson Sulheimsholen<br />Halvbror av Syver Tostensson Sulheimsholen; Embjørg Tostensdotter Sulheimsholen; Syver Tostensson Sulheimsholen og Rannei Tostensdotter Sulheimsholen</p>
<p>Born:<br /><a title="Julianna Engum (Julie)" href="https://gjeilo.no/?page_id=267"><strong>Julianna</strong> </a>(f. 1862)<br /><strong>Kristian</strong> (reiste til Amerika)</p>
<p>Frå Olav T Kvaale: &laquo;Gamalt frå Lom&raquo;:</p>
<p>Bånsullen som Hallvor Engjom song at dottera Julianna :</p>
<p>&laquo;Sulli lulli, Juli, Anna Svein`haugje.&raquo;<br />(Halvor var brukar i Sveinhaugen ei tid.)<br /><a href="https://gjeilo.no"><img loading="lazy" decoding="async" class="alignnone  wp-image-6142" src="https://gjeilo.no/wp-content/uploads/2024/11/dor-100-DPI-1.png" alt="" width="89" height="15" /></a></p>


<figure class="wp-block-image size-large"><a href="https://gjeilo.no/wp-content/uploads/2023/01/IMG_3504-scaled.jpg"><img loading="lazy" decoding="async" width="1024" height="738" src="https://gjeilo.no/wp-content/uploads/2023/01/IMG_3504-1024x738.jpg" alt="" class="wp-image-2765" srcset="https://gjeilo.no/wp-content/uploads/2023/01/IMG_3504-1024x738.jpg 1024w, https://gjeilo.no/wp-content/uploads/2023/01/IMG_3504-300x216.jpg 300w, https://gjeilo.no/wp-content/uploads/2023/01/IMG_3504-768x554.jpg 768w, https://gjeilo.no/wp-content/uploads/2023/01/IMG_3504-1536x1107.jpg 1536w, https://gjeilo.no/wp-content/uploads/2023/01/IMG_3504-2048x1476.jpg 2048w" sizes="auto, (max-width: 1024px) 100vw, 1024px" /></a><figcaption class="wp-element-caption">Halvor og Livø Engum, foreldra til Julianna/Julie</figcaption></figure>

<p>Fødd:   f. 29. desember 1819 i LomDød: d. 18. februar 1880   GENIGift med: Livø Mallaug (f. 1829)Mor: Anne Amundsdotter Sulheimsholen (Akslen), f. 1782 i Lom, d. 15. februar 1855. Begravet i Lom. GENIFar: Arne Hallvorsson Sulheimsøyen, f. 1775 i Lom, d. 16. januar 1831. Begravet i Lom. GENI Ektemannen til Anne Jonsdotter Engum og Livø &hellip; <a href="https://gjeilo.no/?page_id=290" class="more-link">Fortsett å lese <span class="screen-reader-text">Halvor Engum</span></a></p>

<!-- This site is optimized with the Yoast SEO plugin v26.0 - https://yoast.com/wordpress/plugins/seo/ -->
<title>Halvor Engum - Slektskap</title>
<meta name="robots" content="index, follow, max-snippet:-1, max-image-preview:large, max-video-preview:-1" />
<link rel="canonical" href="https://gjeilo.no/?page_id=290" />
<meta property="og:locale" content="nb_NO" />
<meta property="og:type" content="article" />
<meta property="og:title" content="Halvor Engum - Slektskap" />
<meta property="og:description" content="Fødd:   f. 29. desember 1819 i LomDød: d. 18. februar 1880   GENIGift med: Livø Mallaug (f. 1829)Mor: Anne Amundsdotter Sulheimsholen (Akslen), f. 1782 i Lom, d. 15. februar 1855. Begravet i Lom. GENIFar: Arne Hallvorsson Sulheimsøyen, f. 1775 i Lom, d. 16. januar 1831. Begravet i Lom. GENI Ektemannen til Anne Jonsdotter Engum og Livø &hellip; Fortsett å lese Halvor Engum" />
<meta property="og:url" content="https://gjeilo.no/?page_id=290" />
<meta property="og:site_name" content="Slektskap" />
<meta property="article:modified_time" content="2024-11-09T20:02:38+00:00" />
<meta property="og:image" content="https://gjeilo.no/wp-content/uploads/2015/09/1007.jpg" />
	<meta property="og:image:width" content="177" />
	<meta property="og:image:height" content="248" />
	<meta property="og:image:type" content="image/jpeg" />
<meta name="twitter:card" content="summary_large_image" />
<meta name="twitter:label1" content="Ansl. lesetid" />
	<meta name="twitter:data1" content="2 minutter" />
<script type="application/ld+json" class="yoast-schema-graph">{"@context":"https://schema.org","@graph":[{"@type":"WebPage","@id":"https://gjeilo.no/?page_id=290","url":"https://gjeilo.no/?page_id=290","name":"Halvor Engum - Slektskap","isPartOf":{"@id":"https://gjeilo.no/#website"},"primaryImageOfPage":{"@id":"https://gjeilo.no/?page_id=290#primaryimage"},"image":{"@id":"https://gjeilo.no/?page_id=290#primaryimage"},"thumbnailUrl":"https://gjeilo.no/wp-content/uploads/2015/09/1007.jpg","datePublished":"2015-09-01T10:44:59+00:00","dateModified":"2024-11-09T20:02:38+00:00","breadcrumb":{"@id":"https://gjeilo.no/?page_id=290#breadcrumb"},"inLanguage":"nb-NO","potentialAction":[{"@type":"ReadAction","target":["https://gjeilo.no/?page_id=290"]}]},{"@type":"ImageObject","inLanguage":"nb-NO","@id":"https://gjeilo.no/?page_id=290#primaryimage","url":"https://gjeilo.no/wp-content/uploads/2015/09/1007.jpg","contentUrl":"https://gjeilo.no/wp-content/uploads/2015/09/1007.jpg"},{"@type":"BreadcrumbList","@id":"https://gjeilo.no/?page_id=290#breadcrumb","itemListElement":[{"@type":"ListItem","position":1,"name":"Hjem","item":"https://gjeilo.no/"},{"@type":"ListItem","position":2,"name":"Halvor Engum"}]},{"@type":"WebSite","@id":"https://gjeilo.no/#website","url":"https://gjeilo.no/","name":"Slektskap","description":"","potentialAction":[{"@type":"SearchAction","target":{"@type":"EntryPoint","urlTemplate":"https://gjeilo.no/?s={search_term_string}"},"query-input":{"@type":"PropertyValueSpecification","valueRequired":true,"valueName":"search_term_string"}}],"inLanguage":"nb-NO"}]}</script>
<!-- / Yoast SEO plugin. -->

Fødd:   f. 29. desember 1819 i LomDød: d. 18. februar 1880   GENIGift med: Livø Mallaug (f. 1829)Mor: Anne Amundsdotter Sulheimsholen (Akslen), f. 1782 i Lom, d. 15. februar 1855. Begravet i Lom. GENIFar: Arne Hallvorsson Sulheimsøyen, f. 1775 i Lom, d. 16. januar 1831. Begravet i Lom. GENI Ektemannen til Anne Jonsdotter Engum og Livø &hellip; Fortsett å lese Halvor Engum
