{"id":283,"date":"2015-09-01T10:41:47","date_gmt":"2015-09-01T10:41:47","guid":{"rendered":"https:\/\/gjeilo.no\/?page_id=283"},"modified":"2024-11-09T20:02:17","modified_gmt":"2024-11-09T20:02:17","slug":"livo-mallaug-nedre","status":"publish","type":"page","link":"https:\/\/gjeilo.no\/?page_id=283","title":{"rendered":"Liv\u00f8 Mallaug, Engjom"},"content":{"rendered":"<p><a href=\"https:\/\/gjeilo.no\/wp-content\/uploads\/2015\/09\/1005.jpg\"><img loading=\"lazy\" decoding=\"async\" class=\"alignright wp-image-284 size-full\" src=\"https:\/\/gjeilo.no\/wp-content\/uploads\/2015\/09\/1005.jpg\" alt=\"1005\" width=\"177\" height=\"234\" \/><\/a>Liv\u00f8 Kristensdotter Engum (Mallaug, Engjom)\u00a0 <a href=\"https:\/\/www.geni.com\/people\/Liv%C3%B8-Engum\/6000000009245984603?through=6000000009246014938\" target=\"_blank\" rel=\"noopener\">GENI<\/a><br \/>\nF\u00f8dd: 18. mai 1829<br \/>\nD\u00f8d: 17. oktober 1912 &laquo;Ulykkestilfelde, gik i m\u00f8rket i B\u00f8vra og druknede&raquo;<br \/>\nGift med <a title=\"Halvor Engum\" href=\"https:\/\/gjeilo.no\/?page_id=290\">Halvor Engum<\/a><br \/>\nMor: <a href=\"https:\/\/gjeilo.no\/?page_id=2711\">Liv\u00f8 Kristensdotter Mallaug<\/a> f. 1809 d. 1878<br \/>\nFar: Kristen Rasmusson Mallaug f. 1792 d. 1862 GENI<\/p>\n<p>S\u00f8ster av Rasmus Kristensson Mallaug, II; Kristen Kristensson Mallaug; Ola Kristensson Mallaug; Else Kristensdotter Hove; Marit Kristensdotter Sjurgard og 5 others. Halvs\u00f8ster av Mari Christensdotter S\u00f8rvigen og Rasmus Kristensson Mallaug.<\/p>\n<p><a href=\"https:\/\/www.digitalarkivet.no\/census\/person\/pf01037080001663\" target=\"_blank\" rel=\"noopener\">Live i digitalarkivet folketelling 1900 <\/a><br \/>\n<a href=\"https:\/\/gjeilo.no\"><img loading=\"lazy\" decoding=\"async\" class=\"alignnone  wp-image-6142\" src=\"https:\/\/gjeilo.no\/wp-content\/uploads\/2024\/11\/dor-100-DPI-1.png\" alt=\"\" width=\"89\" height=\"15\" \/><\/a><\/p>\n<p>Born:<br \/>\n<a title=\"Julianna Engum (Julie)\" href=\"https:\/\/gjeilo.no\/?page_id=267\">Julianna<\/a> (f. 1862)<br \/>\nKristian (reiste til Amerika)<\/p>\n<p>Syskjen (fr\u00e5 \u00e6ttebok for Skj\u00e5k band 1):<br \/>\nRasmus (f. 1927) g.1 m.Brit Sulheim (barn Liv\u00f8 (f. 1858) og g.2 m. Ingrid \u00d8verb\u00f8 (barn Kristen),<br \/>\nKristen (f. 1831) g.1m. Marit Hove og g.2m.Ragnhild O. Synstnes (Gjendbu) ,<br \/>\nOla (f. 1833),<br \/>\nElse (f. 1834)g.m. Ola O. Hove,<br \/>\nMarit (f. 1837) g.m. Jon S. Sjurgard,<br \/>\nLars (f. 1839),<br \/>\nR\u00f8nnaug (f. 1841) g.m. Kristen S. Synstnes,<br \/>\nErland (f. 1844) (d. 1845).<br \/>\nAnne (f. 1847) ogs\u00e5 kalla Marlosa og\u00a0 (sj\u00e5 under)<br \/>\nLiv\u00f8 (f. 1851) g.m. Kristen J. Brandsar.<\/p>\n<figure id=\"attachment_2765\" aria-describedby=\"caption-attachment-2765\" style=\"width: 2560px\" class=\"wp-caption alignnone\"><a href=\"https:\/\/gjeilo.no\/wp-content\/uploads\/2023\/01\/IMG_3504-scaled.jpg\"><img loading=\"lazy\" decoding=\"async\" class=\"size-full wp-image-2765\" src=\"https:\/\/gjeilo.no\/wp-content\/uploads\/2023\/01\/IMG_3504-scaled.jpg\" alt=\"\" width=\"2560\" height=\"1845\" srcset=\"https:\/\/gjeilo.no\/wp-content\/uploads\/2023\/01\/IMG_3504-scaled.jpg 2560w, https:\/\/gjeilo.no\/wp-content\/uploads\/2023\/01\/IMG_3504-300x216.jpg 300w, https:\/\/gjeilo.no\/wp-content\/uploads\/2023\/01\/IMG_3504-1024x738.jpg 1024w, https:\/\/gjeilo.no\/wp-content\/uploads\/2023\/01\/IMG_3504-768x554.jpg 768w, https:\/\/gjeilo.no\/wp-content\/uploads\/2023\/01\/IMG_3504-1536x1107.jpg 1536w, https:\/\/gjeilo.no\/wp-content\/uploads\/2023\/01\/IMG_3504-2048x1476.jpg 2048w\" sizes=\"auto, (max-width: 2560px) 100vw, 2560px\" \/><\/a><figcaption id=\"caption-attachment-2765\" class=\"wp-caption-text\">Halvor og Liv\u00f8 Engum, foreldra til Julianna\/Julie<\/figcaption><\/figure>\n<figure id=\"attachment_286\" aria-describedby=\"caption-attachment-286\" style=\"width: 216px\" class=\"wp-caption aligncenter\"><a href=\"https:\/\/gjeilo.no\/wp-content\/uploads\/2015\/09\/228.jpg\"><img loading=\"lazy\" decoding=\"async\" class=\"wp-image-286 size-full\" src=\"https:\/\/gjeilo.no\/wp-content\/uploads\/2015\/09\/228.jpg\" alt=\"\" width=\"216\" height=\"340\" srcset=\"https:\/\/gjeilo.no\/wp-content\/uploads\/2015\/09\/228.jpg 216w, https:\/\/gjeilo.no\/wp-content\/uploads\/2015\/09\/228-191x300.jpg 191w\" sizes=\"auto, (max-width: 216px) 100vw, 216px\" \/><\/a><figcaption id=\"caption-attachment-286\" class=\"wp-caption-text\">Tor\u00f8 Gjeilo (k\u00e5rkone, f. V\u00e5g\u00e5sar\u00f8ygard 1863) var stemora til Synne p\u00e5 Sygard. Marlosa (t.h.)var mykjy p\u00e5 Sygard. Var skyld \u00abBestemor Vaagaasar\u00bb som Embj\u00f8rg kalla Tor\u00f8 Vaagasar. Embj\u00f8rg sa ho hadde tre bestem\u00f8dre. &laquo;Marlosa&raquo; s\u00e5g nytten av all ting. Ho budde p\u00e5 baksia p\u00e5 Bergon.<br \/>ER I TVIL OM DETTE ER BILDE AV Liv\u00f8 Mallaug, Engjom F. 1829 eller mor hennar Live Kristensdatter Mallaug f 1809.<\/figcaption><\/figure>\n","protected":false},"excerpt":{"rendered":"<p>Liv\u00f8 Kristensdotter Engum (Mallaug, Engjom)\u00a0 GENI F\u00f8dd: 18. mai 1829 D\u00f8d: 17. oktober 1912 &laquo;Ulykkestilfelde, gik i m\u00f8rket i B\u00f8vra og druknede&raquo; Gift med Halvor Engum Mor: Liv\u00f8 Kristensdotter Mallaug f. 1809 d. 1878 Far: Kristen Rasmusson Mallaug f. 1792 d. 1862 GENI S\u00f8ster av Rasmus Kristensson Mallaug, II; Kristen Kristensson Mallaug; Ola Kristensson Mallaug; &hellip; <a href=\"https:\/\/gjeilo.no\/?page_id=283\" class=\"more-link\">Fortsett \u00e5 lese <span class=\"screen-reader-text\">Liv\u00f8 Mallaug, Engjom<\/span><\/a><\/p>\n","protected":false},"author":2,"featured_media":0,"parent":0,"menu_order":0,"comment_status":"closed","ping_status":"open","template":"","meta":{"footnotes":""},"class_list":["post-283","page","type-page","status-publish","hentry"],"yoast_head":"<!-- This site is optimized with the Yoast SEO plugin v26.0 - https:\/\/yoast.com\/wordpress\/plugins\/seo\/ -->\n<title>Liv\u00f8 Mallaug, Engjom - Slektskap<\/title>\n<meta name=\"robots\" content=\"index, follow, max-snippet:-1, max-image-preview:large, max-video-preview:-1\" \/>\n<link rel=\"canonical\" href=\"https:\/\/gjeilo.no\/?page_id=283\" \/>\n<meta property=\"og:locale\" content=\"nb_NO\" \/>\n<meta property=\"og:type\" content=\"article\" \/>\n<meta property=\"og:title\" content=\"Liv\u00f8 Mallaug, Engjom - Slektskap\" \/>\n<meta property=\"og:description\" content=\"Liv\u00f8 Kristensdotter Engum (Mallaug, Engjom)\u00a0 GENI F\u00f8dd: 18. mai 1829 D\u00f8d: 17. oktober 1912 &laquo;Ulykkestilfelde, gik i m\u00f8rket i B\u00f8vra og druknede&raquo; Gift med Halvor Engum Mor: Liv\u00f8 Kristensdotter Mallaug f. 1809 d. 1878 Far: Kristen Rasmusson Mallaug f. 1792 d. 1862 GENI S\u00f8ster av Rasmus Kristensson Mallaug, II; Kristen Kristensson Mallaug; Ola Kristensson Mallaug; &hellip; Fortsett \u00e5 lese Liv\u00f8 Mallaug, Engjom\" \/>\n<meta property=\"og:url\" content=\"https:\/\/gjeilo.no\/?page_id=283\" \/>\n<meta property=\"og:site_name\" content=\"Slektskap\" \/>\n<meta property=\"article:modified_time\" content=\"2024-11-09T20:02:17+00:00\" \/>\n<meta property=\"og:image\" content=\"https:\/\/gjeilo.no\/wp-content\/uploads\/2015\/09\/1005.jpg\" \/>\n\t<meta property=\"og:image:width\" content=\"177\" \/>\n\t<meta property=\"og:image:height\" content=\"234\" \/>\n\t<meta property=\"og:image:type\" content=\"image\/jpeg\" \/>\n<meta name=\"twitter:card\" content=\"summary_large_image\" \/>\n<meta name=\"twitter:label1\" content=\"Ansl. lesetid\" \/>\n\t<meta name=\"twitter:data1\" content=\"3 minutter\" \/>\n<script type=\"application\/ld+json\" class=\"yoast-schema-graph\">{\"@context\":\"https:\/\/schema.org\",\"@graph\":[{\"@type\":\"WebPage\",\"@id\":\"https:\/\/gjeilo.no\/?page_id=283\",\"url\":\"https:\/\/gjeilo.no\/?page_id=283\",\"name\":\"Liv\u00f8 Mallaug, Engjom - Slektskap\",\"isPartOf\":{\"@id\":\"https:\/\/gjeilo.no\/#website\"},\"primaryImageOfPage\":{\"@id\":\"https:\/\/gjeilo.no\/?page_id=283#primaryimage\"},\"image\":{\"@id\":\"https:\/\/gjeilo.no\/?page_id=283#primaryimage\"},\"thumbnailUrl\":\"https:\/\/gjeilo.no\/wp-content\/uploads\/2015\/09\/1005.jpg\",\"datePublished\":\"2015-09-01T10:41:47+00:00\",\"dateModified\":\"2024-11-09T20:02:17+00:00\",\"breadcrumb\":{\"@id\":\"https:\/\/gjeilo.no\/?page_id=283#breadcrumb\"},\"inLanguage\":\"nb-NO\",\"potentialAction\":[{\"@type\":\"ReadAction\",\"target\":[\"https:\/\/gjeilo.no\/?page_id=283\"]}]},{\"@type\":\"ImageObject\",\"inLanguage\":\"nb-NO\",\"@id\":\"https:\/\/gjeilo.no\/?page_id=283#primaryimage\",\"url\":\"https:\/\/gjeilo.no\/wp-content\/uploads\/2015\/09\/1005.jpg\",\"contentUrl\":\"https:\/\/gjeilo.no\/wp-content\/uploads\/2015\/09\/1005.jpg\"},{\"@type\":\"BreadcrumbList\",\"@id\":\"https:\/\/gjeilo.no\/?page_id=283#breadcrumb\",\"itemListElement\":[{\"@type\":\"ListItem\",\"position\":1,\"name\":\"Hjem\",\"item\":\"https:\/\/gjeilo.no\/\"},{\"@type\":\"ListItem\",\"position\":2,\"name\":\"Liv\u00f8 Mallaug, Engjom\"}]},{\"@type\":\"WebSite\",\"@id\":\"https:\/\/gjeilo.no\/#website\",\"url\":\"https:\/\/gjeilo.no\/\",\"name\":\"Slektskap\",\"description\":\"\",\"potentialAction\":[{\"@type\":\"SearchAction\",\"target\":{\"@type\":\"EntryPoint\",\"urlTemplate\":\"https:\/\/gjeilo.no\/?s={search_term_string}\"},\"query-input\":{\"@type\":\"PropertyValueSpecification\",\"valueRequired\":true,\"valueName\":\"search_term_string\"}}],\"inLanguage\":\"nb-NO\"}]}<\/script>\n<!-- \/ Yoast SEO plugin. -->","yoast_head_json":{"title":"Liv\u00f8 Mallaug, Engjom - Slektskap","robots":{"index":"index","follow":"follow","max-snippet":"max-snippet:-1","max-image-preview":"max-image-preview:large","max-video-preview":"max-video-preview:-1"},"canonical":"https:\/\/gjeilo.no\/?page_id=283","og_locale":"nb_NO","og_type":"article","og_title":"Liv\u00f8 Mallaug, Engjom - Slektskap","og_description":"Liv\u00f8 Kristensdotter Engum (Mallaug, Engjom)\u00a0 GENI F\u00f8dd: 18. mai 1829 D\u00f8d: 17. oktober 1912 &laquo;Ulykkestilfelde, gik i m\u00f8rket i B\u00f8vra og druknede&raquo; Gift med Halvor Engum Mor: Liv\u00f8 Kristensdotter Mallaug f. 1809 d. 1878 Far: Kristen Rasmusson Mallaug f. 1792 d. 1862 GENI S\u00f8ster av Rasmus Kristensson Mallaug, II; Kristen Kristensson Mallaug; Ola Kristensson Mallaug; &hellip; Fortsett \u00e5 lese Liv\u00f8 Mallaug, Engjom","og_url":"https:\/\/gjeilo.no\/?page_id=283","og_site_name":"Slektskap","article_modified_time":"2024-11-09T20:02:17+00:00","og_image":[{"width":177,"height":234,"url":"https:\/\/gjeilo.no\/wp-content\/uploads\/2015\/09\/1005.jpg","type":"image\/jpeg"}],"twitter_card":"summary_large_image","twitter_misc":{"Ansl. lesetid":"3 minutter"},"schema":{"@context":"https:\/\/schema.org","@graph":[{"@type":"WebPage","@id":"https:\/\/gjeilo.no\/?page_id=283","url":"https:\/\/gjeilo.no\/?page_id=283","name":"Liv\u00f8 Mallaug, Engjom - Slektskap","isPartOf":{"@id":"https:\/\/gjeilo.no\/#website"},"primaryImageOfPage":{"@id":"https:\/\/gjeilo.no\/?page_id=283#primaryimage"},"image":{"@id":"https:\/\/gjeilo.no\/?page_id=283#primaryimage"},"thumbnailUrl":"https:\/\/gjeilo.no\/wp-content\/uploads\/2015\/09\/1005.jpg","datePublished":"2015-09-01T10:41:47+00:00","dateModified":"2024-11-09T20:02:17+00:00","breadcrumb":{"@id":"https:\/\/gjeilo.no\/?page_id=283#breadcrumb"},"inLanguage":"nb-NO","potentialAction":[{"@type":"ReadAction","target":["https:\/\/gjeilo.no\/?page_id=283"]}]},{"@type":"ImageObject","inLanguage":"nb-NO","@id":"https:\/\/gjeilo.no\/?page_id=283#primaryimage","url":"https:\/\/gjeilo.no\/wp-content\/uploads\/2015\/09\/1005.jpg","contentUrl":"https:\/\/gjeilo.no\/wp-content\/uploads\/2015\/09\/1005.jpg"},{"@type":"BreadcrumbList","@id":"https:\/\/gjeilo.no\/?page_id=283#breadcrumb","itemListElement":[{"@type":"ListItem","position":1,"name":"Hjem","item":"https:\/\/gjeilo.no\/"},{"@type":"ListItem","position":2,"name":"Liv\u00f8 Mallaug, Engjom"}]},{"@type":"WebSite","@id":"https:\/\/gjeilo.no\/#website","url":"https:\/\/gjeilo.no\/","name":"Slektskap","description":"","potentialAction":[{"@type":"SearchAction","target":{"@type":"EntryPoint","urlTemplate":"https:\/\/gjeilo.no\/?s={search_term_string}"},"query-input":{"@type":"PropertyValueSpecification","valueRequired":true,"valueName":"search_term_string"}}],"inLanguage":"nb-NO"}]}},"_links":{"self":[{"href":"https:\/\/gjeilo.no\/index.php?rest_route=\/wp\/v2\/pages\/283","targetHints":{"allow":["GET"]}}],"collection":[{"href":"https:\/\/gjeilo.no\/index.php?rest_route=\/wp\/v2\/pages"}],"about":[{"href":"https:\/\/gjeilo.no\/index.php?rest_route=\/wp\/v2\/types\/page"}],"author":[{"embeddable":true,"href":"https:\/\/gjeilo.no\/index.php?rest_route=\/wp\/v2\/users\/2"}],"replies":[{"embeddable":true,"href":"https:\/\/gjeilo.no\/index.php?rest_route=%2Fwp%2Fv2%2Fcomments&post=283"}],"version-history":[{"count":20,"href":"https:\/\/gjeilo.no\/index.php?rest_route=\/wp\/v2\/pages\/283\/revisions"}],"predecessor-version":[{"id":6202,"href":"https:\/\/gjeilo.no\/index.php?rest_route=\/wp\/v2\/pages\/283\/revisions\/6202"}],"wp:attachment":[{"href":"https:\/\/gjeilo.no\/index.php?rest_route=%2Fwp%2Fv2%2Fmedia&parent=283"}],"curies":[{"name":"wp","href":"https:\/\/api.w.org\/{rel}","templated":true}]}}