{"id":260,"date":"2015-09-01T10:27:26","date_gmt":"2015-09-01T10:27:26","guid":{"rendered":"https:\/\/gjeilo.no\/?page_id=260"},"modified":"2024-11-09T20:08:26","modified_gmt":"2024-11-09T20:08:26","slug":"amund-larsen-dalen-amundsted","status":"publish","type":"page","link":"https:\/\/gjeilo.no\/?page_id=260","title":{"rendered":"Amund Larsen Dalen Amundsted"},"content":{"rendered":"<p>F\u00f8dd: 6\/7 1834<br \/>\nGift med <a title=\"Anne Dalen Systuen\" href=\"https:\/\/gjeilo.no\/?page_id=256\">Anne Dalen Systuen<\/a> (f. 1842)<br \/>\nMor: R\u00f8nnaug Dalen (f. 1805)<br \/>\nFar: Lars Dalen Amundsted f. 1796 d. 1841)<\/p>\n<p>Born:<br \/>\n<a title=\"Embj\u00f8rg Amundsdotter Dalen (Amundsted)\" href=\"https:\/\/gjeilo.no\/?page_id=249\">Embj\u00f8rg<\/a> (f. 22\/3 1876 d. ) g.m. <a title=\"Frans Olsson Gjeilo (Storkj\u00f8rren)\" href=\"https:\/\/gjeilo.no\/?page_id=253\">Frans Olsson Gjeilo<\/a> (f. 20\/6 1861 d. )<\/p>\n<p><a href=\"https:\/\/www.geni.com\/people\/Amund-Dalen\/6000000007937255372?through=6000000007936917033\" target=\"_blank\" rel=\"noopener\">GENI<\/a>: Far til R\u00f8nnaug Amundsdotter Dagsgard; Lars Amundsson Dalen, I; Embj\u00f8rg Amundsdotter Gjeilo; Anne Amundsdotter Dalen; Pernille Amundsdotter Eide; Lars Amundsson Dalen, II og Jon Amundsson Dalen<br \/>\nBror av Pernille Larsdotter Langleite Halvbror av Lars Olsson Fl\u00e6k\u00f8y; Jon Olsson Dalen og Eldri Nilsdotter nedre Brenden<\/p>\n<p><a href=\"https:\/\/gjeilo.no\"><img loading=\"lazy\" decoding=\"async\" class=\"alignnone  wp-image-6142\" src=\"https:\/\/gjeilo.no\/wp-content\/uploads\/2024\/11\/dor-100-DPI-1.png\" alt=\"\" width=\"89\" height=\"15\" \/><\/a><\/p>\n","protected":false},"excerpt":{"rendered":"<p>F\u00f8dd: 6\/7 1834 Gift med Anne Dalen Systuen (f. 1842) Mor: R\u00f8nnaug Dalen (f. 1805) Far: Lars Dalen Amundsted f. 1796 d. 1841) Born: Embj\u00f8rg (f. 22\/3 1876 d. ) g.m. Frans Olsson Gjeilo (f. 20\/6 1861 d. ) GENI: Far til R\u00f8nnaug Amundsdotter Dagsgard; Lars Amundsson Dalen, I; Embj\u00f8rg Amundsdotter Gjeilo; Anne Amundsdotter Dalen; &hellip; <a href=\"https:\/\/gjeilo.no\/?page_id=260\" class=\"more-link\">Fortsett \u00e5 lese <span class=\"screen-reader-text\">Amund Larsen Dalen Amundsted<\/span><\/a><\/p>\n","protected":false},"author":2,"featured_media":0,"parent":0,"menu_order":0,"comment_status":"closed","ping_status":"open","template":"","meta":{"footnotes":""},"class_list":["post-260","page","type-page","status-publish","hentry"],"yoast_head":"<!-- This site is optimized with the Yoast SEO plugin v26.0 - https:\/\/yoast.com\/wordpress\/plugins\/seo\/ -->\n<title>Amund Larsen Dalen Amundsted - Slektskap<\/title>\n<meta name=\"robots\" content=\"index, follow, max-snippet:-1, max-image-preview:large, max-video-preview:-1\" \/>\n<link rel=\"canonical\" href=\"https:\/\/gjeilo.no\/?page_id=260\" \/>\n<meta property=\"og:locale\" content=\"nb_NO\" \/>\n<meta property=\"og:type\" content=\"article\" \/>\n<meta property=\"og:title\" content=\"Amund Larsen Dalen Amundsted - Slektskap\" \/>\n<meta property=\"og:description\" content=\"F\u00f8dd: 6\/7 1834 Gift med Anne Dalen Systuen (f. 1842) Mor: R\u00f8nnaug Dalen (f. 1805) Far: Lars Dalen Amundsted f. 1796 d. 1841) Born: Embj\u00f8rg (f. 22\/3 1876 d. ) g.m. Frans Olsson Gjeilo (f. 20\/6 1861 d. ) GENI: Far til R\u00f8nnaug Amundsdotter Dagsgard; Lars Amundsson Dalen, I; Embj\u00f8rg Amundsdotter Gjeilo; Anne Amundsdotter Dalen; &hellip; Fortsett \u00e5 lese Amund Larsen Dalen Amundsted\" \/>\n<meta property=\"og:url\" content=\"https:\/\/gjeilo.no\/?page_id=260\" \/>\n<meta property=\"og:site_name\" content=\"Slektskap\" \/>\n<meta property=\"article:modified_time\" content=\"2024-11-09T20:08:26+00:00\" \/>\n<meta property=\"og:image\" content=\"https:\/\/gjeilo.no\/wp-content\/uploads\/2024\/11\/dor-100-DPI-1.png\" \/>\n\t<meta property=\"og:image:width\" content=\"266\" \/>\n\t<meta property=\"og:image:height\" content=\"45\" \/>\n\t<meta property=\"og:image:type\" content=\"image\/png\" \/>\n<meta name=\"twitter:card\" content=\"summary_large_image\" \/>\n<meta name=\"twitter:label1\" content=\"Ansl. lesetid\" \/>\n\t<meta name=\"twitter:data1\" content=\"1 minutt\" \/>\n<script type=\"application\/ld+json\" class=\"yoast-schema-graph\">{\"@context\":\"https:\/\/schema.org\",\"@graph\":[{\"@type\":\"WebPage\",\"@id\":\"https:\/\/gjeilo.no\/?page_id=260\",\"url\":\"https:\/\/gjeilo.no\/?page_id=260\",\"name\":\"Amund Larsen Dalen Amundsted - Slektskap\",\"isPartOf\":{\"@id\":\"https:\/\/gjeilo.no\/#website\"},\"primaryImageOfPage\":{\"@id\":\"https:\/\/gjeilo.no\/?page_id=260#primaryimage\"},\"image\":{\"@id\":\"https:\/\/gjeilo.no\/?page_id=260#primaryimage\"},\"thumbnailUrl\":\"https:\/\/gjeilo.no\/wp-content\/uploads\/2024\/11\/dor-100-DPI-1.png\",\"datePublished\":\"2015-09-01T10:27:26+00:00\",\"dateModified\":\"2024-11-09T20:08:26+00:00\",\"breadcrumb\":{\"@id\":\"https:\/\/gjeilo.no\/?page_id=260#breadcrumb\"},\"inLanguage\":\"nb-NO\",\"potentialAction\":[{\"@type\":\"ReadAction\",\"target\":[\"https:\/\/gjeilo.no\/?page_id=260\"]}]},{\"@type\":\"ImageObject\",\"inLanguage\":\"nb-NO\",\"@id\":\"https:\/\/gjeilo.no\/?page_id=260#primaryimage\",\"url\":\"https:\/\/gjeilo.no\/wp-content\/uploads\/2024\/11\/dor-100-DPI-1.png\",\"contentUrl\":\"https:\/\/gjeilo.no\/wp-content\/uploads\/2024\/11\/dor-100-DPI-1.png\"},{\"@type\":\"BreadcrumbList\",\"@id\":\"https:\/\/gjeilo.no\/?page_id=260#breadcrumb\",\"itemListElement\":[{\"@type\":\"ListItem\",\"position\":1,\"name\":\"Hjem\",\"item\":\"https:\/\/gjeilo.no\/\"},{\"@type\":\"ListItem\",\"position\":2,\"name\":\"Amund Larsen Dalen Amundsted\"}]},{\"@type\":\"WebSite\",\"@id\":\"https:\/\/gjeilo.no\/#website\",\"url\":\"https:\/\/gjeilo.no\/\",\"name\":\"Slektskap\",\"description\":\"\",\"potentialAction\":[{\"@type\":\"SearchAction\",\"target\":{\"@type\":\"EntryPoint\",\"urlTemplate\":\"https:\/\/gjeilo.no\/?s={search_term_string}\"},\"query-input\":{\"@type\":\"PropertyValueSpecification\",\"valueRequired\":true,\"valueName\":\"search_term_string\"}}],\"inLanguage\":\"nb-NO\"}]}<\/script>\n<!-- \/ Yoast SEO plugin. -->","yoast_head_json":{"title":"Amund Larsen Dalen Amundsted - Slektskap","robots":{"index":"index","follow":"follow","max-snippet":"max-snippet:-1","max-image-preview":"max-image-preview:large","max-video-preview":"max-video-preview:-1"},"canonical":"https:\/\/gjeilo.no\/?page_id=260","og_locale":"nb_NO","og_type":"article","og_title":"Amund Larsen Dalen Amundsted - Slektskap","og_description":"F\u00f8dd: 6\/7 1834 Gift med Anne Dalen Systuen (f. 1842) Mor: R\u00f8nnaug Dalen (f. 1805) Far: Lars Dalen Amundsted f. 1796 d. 1841) Born: Embj\u00f8rg (f. 22\/3 1876 d. ) g.m. Frans Olsson Gjeilo (f. 20\/6 1861 d. ) GENI: Far til R\u00f8nnaug Amundsdotter Dagsgard; Lars Amundsson Dalen, I; Embj\u00f8rg Amundsdotter Gjeilo; Anne Amundsdotter Dalen; &hellip; Fortsett \u00e5 lese Amund Larsen Dalen Amundsted","og_url":"https:\/\/gjeilo.no\/?page_id=260","og_site_name":"Slektskap","article_modified_time":"2024-11-09T20:08:26+00:00","og_image":[{"width":266,"height":45,"url":"https:\/\/gjeilo.no\/wp-content\/uploads\/2024\/11\/dor-100-DPI-1.png","type":"image\/png"}],"twitter_card":"summary_large_image","twitter_misc":{"Ansl. lesetid":"1 minutt"},"schema":{"@context":"https:\/\/schema.org","@graph":[{"@type":"WebPage","@id":"https:\/\/gjeilo.no\/?page_id=260","url":"https:\/\/gjeilo.no\/?page_id=260","name":"Amund Larsen Dalen Amundsted - Slektskap","isPartOf":{"@id":"https:\/\/gjeilo.no\/#website"},"primaryImageOfPage":{"@id":"https:\/\/gjeilo.no\/?page_id=260#primaryimage"},"image":{"@id":"https:\/\/gjeilo.no\/?page_id=260#primaryimage"},"thumbnailUrl":"https:\/\/gjeilo.no\/wp-content\/uploads\/2024\/11\/dor-100-DPI-1.png","datePublished":"2015-09-01T10:27:26+00:00","dateModified":"2024-11-09T20:08:26+00:00","breadcrumb":{"@id":"https:\/\/gjeilo.no\/?page_id=260#breadcrumb"},"inLanguage":"nb-NO","potentialAction":[{"@type":"ReadAction","target":["https:\/\/gjeilo.no\/?page_id=260"]}]},{"@type":"ImageObject","inLanguage":"nb-NO","@id":"https:\/\/gjeilo.no\/?page_id=260#primaryimage","url":"https:\/\/gjeilo.no\/wp-content\/uploads\/2024\/11\/dor-100-DPI-1.png","contentUrl":"https:\/\/gjeilo.no\/wp-content\/uploads\/2024\/11\/dor-100-DPI-1.png"},{"@type":"BreadcrumbList","@id":"https:\/\/gjeilo.no\/?page_id=260#breadcrumb","itemListElement":[{"@type":"ListItem","position":1,"name":"Hjem","item":"https:\/\/gjeilo.no\/"},{"@type":"ListItem","position":2,"name":"Amund Larsen Dalen Amundsted"}]},{"@type":"WebSite","@id":"https:\/\/gjeilo.no\/#website","url":"https:\/\/gjeilo.no\/","name":"Slektskap","description":"","potentialAction":[{"@type":"SearchAction","target":{"@type":"EntryPoint","urlTemplate":"https:\/\/gjeilo.no\/?s={search_term_string}"},"query-input":{"@type":"PropertyValueSpecification","valueRequired":true,"valueName":"search_term_string"}}],"inLanguage":"nb-NO"}]}},"_links":{"self":[{"href":"https:\/\/gjeilo.no\/index.php?rest_route=\/wp\/v2\/pages\/260","targetHints":{"allow":["GET"]}}],"collection":[{"href":"https:\/\/gjeilo.no\/index.php?rest_route=\/wp\/v2\/pages"}],"about":[{"href":"https:\/\/gjeilo.no\/index.php?rest_route=\/wp\/v2\/types\/page"}],"author":[{"embeddable":true,"href":"https:\/\/gjeilo.no\/index.php?rest_route=\/wp\/v2\/users\/2"}],"replies":[{"embeddable":true,"href":"https:\/\/gjeilo.no\/index.php?rest_route=%2Fwp%2Fv2%2Fcomments&post=260"}],"version-history":[{"count":5,"href":"https:\/\/gjeilo.no\/index.php?rest_route=\/wp\/v2\/pages\/260\/revisions"}],"predecessor-version":[{"id":6211,"href":"https:\/\/gjeilo.no\/index.php?rest_route=\/wp\/v2\/pages\/260\/revisions\/6211"}],"wp:attachment":[{"href":"https:\/\/gjeilo.no\/index.php?rest_route=%2Fwp%2Fv2%2Fmedia&parent=260"}],"curies":[{"name":"wp","href":"https:\/\/api.w.org\/{rel}","templated":true}]}}

<p>Fødd: 6/7 1834<br />
Gift med <a title="Anne Dalen Systuen" href="https://gjeilo.no/?page_id=256">Anne Dalen Systuen</a> (f. 1842)<br />
Mor: Rønnaug Dalen (f. 1805)<br />
Far: Lars Dalen Amundsted f. 1796 d. 1841)</p>
<p>Born:<br />
<a title="Embjørg Amundsdotter Dalen (Amundsted)" href="https://gjeilo.no/?page_id=249">Embjørg</a> (f. 22/3 1876 d. ) g.m. <a title="Frans Olsson Gjeilo (Storkjørren)" href="https://gjeilo.no/?page_id=253">Frans Olsson Gjeilo</a> (f. 20/6 1861 d. )</p>
<p><a href="https://www.geni.com/people/Amund-Dalen/6000000007937255372?through=6000000007936917033" target="_blank" rel="noopener">GENI</a>: Far til Rønnaug Amundsdotter Dagsgard; Lars Amundsson Dalen, I; Embjørg Amundsdotter Gjeilo; Anne Amundsdotter Dalen; Pernille Amundsdotter Eide; Lars Amundsson Dalen, II og Jon Amundsson Dalen<br />
Bror av Pernille Larsdotter Langleite Halvbror av Lars Olsson Flækøy; Jon Olsson Dalen og Eldri Nilsdotter nedre Brenden</p>
<p><a href="https://gjeilo.no"><img loading="lazy" decoding="async" class="alignnone  wp-image-6142" src="https://gjeilo.no/wp-content/uploads/2024/11/dor-100-DPI-1.png" alt="" width="89" height="15" /></a></p>

<p>Fødd: 6/7 1834 Gift med Anne Dalen Systuen (f. 1842) Mor: Rønnaug Dalen (f. 1805) Far: Lars Dalen Amundsted f. 1796 d. 1841) Born: Embjørg (f. 22/3 1876 d. ) g.m. Frans Olsson Gjeilo (f. 20/6 1861 d. ) GENI: Far til Rønnaug Amundsdotter Dagsgard; Lars Amundsson Dalen, I; Embjørg Amundsdotter Gjeilo; Anne Amundsdotter Dalen; &hellip; <a href="https://gjeilo.no/?page_id=260" class="more-link">Fortsett å lese <span class="screen-reader-text">Amund Larsen Dalen Amundsted</span></a></p>

<!-- This site is optimized with the Yoast SEO plugin v26.0 - https://yoast.com/wordpress/plugins/seo/ -->
<title>Amund Larsen Dalen Amundsted - Slektskap</title>
<meta name="robots" content="index, follow, max-snippet:-1, max-image-preview:large, max-video-preview:-1" />
<link rel="canonical" href="https://gjeilo.no/?page_id=260" />
<meta property="og:locale" content="nb_NO" />
<meta property="og:type" content="article" />
<meta property="og:title" content="Amund Larsen Dalen Amundsted - Slektskap" />
<meta property="og:description" content="Fødd: 6/7 1834 Gift med Anne Dalen Systuen (f. 1842) Mor: Rønnaug Dalen (f. 1805) Far: Lars Dalen Amundsted f. 1796 d. 1841) Born: Embjørg (f. 22/3 1876 d. ) g.m. Frans Olsson Gjeilo (f. 20/6 1861 d. ) GENI: Far til Rønnaug Amundsdotter Dagsgard; Lars Amundsson Dalen, I; Embjørg Amundsdotter Gjeilo; Anne Amundsdotter Dalen; &hellip; Fortsett å lese Amund Larsen Dalen Amundsted" />
<meta property="og:url" content="https://gjeilo.no/?page_id=260" />
<meta property="og:site_name" content="Slektskap" />
<meta property="article:modified_time" content="2024-11-09T20:08:26+00:00" />
<meta property="og:image" content="https://gjeilo.no/wp-content/uploads/2024/11/dor-100-DPI-1.png" />
	<meta property="og:image:width" content="266" />
	<meta property="og:image:height" content="45" />
	<meta property="og:image:type" content="image/png" />
<meta name="twitter:card" content="summary_large_image" />
<meta name="twitter:label1" content="Ansl. lesetid" />
	<meta name="twitter:data1" content="1 minutt" />
<script type="application/ld+json" class="yoast-schema-graph">{"@context":"https://schema.org","@graph":[{"@type":"WebPage","@id":"https://gjeilo.no/?page_id=260","url":"https://gjeilo.no/?page_id=260","name":"Amund Larsen Dalen Amundsted - Slektskap","isPartOf":{"@id":"https://gjeilo.no/#website"},"primaryImageOfPage":{"@id":"https://gjeilo.no/?page_id=260#primaryimage"},"image":{"@id":"https://gjeilo.no/?page_id=260#primaryimage"},"thumbnailUrl":"https://gjeilo.no/wp-content/uploads/2024/11/dor-100-DPI-1.png","datePublished":"2015-09-01T10:27:26+00:00","dateModified":"2024-11-09T20:08:26+00:00","breadcrumb":{"@id":"https://gjeilo.no/?page_id=260#breadcrumb"},"inLanguage":"nb-NO","potentialAction":[{"@type":"ReadAction","target":["https://gjeilo.no/?page_id=260"]}]},{"@type":"ImageObject","inLanguage":"nb-NO","@id":"https://gjeilo.no/?page_id=260#primaryimage","url":"https://gjeilo.no/wp-content/uploads/2024/11/dor-100-DPI-1.png","contentUrl":"https://gjeilo.no/wp-content/uploads/2024/11/dor-100-DPI-1.png"},{"@type":"BreadcrumbList","@id":"https://gjeilo.no/?page_id=260#breadcrumb","itemListElement":[{"@type":"ListItem","position":1,"name":"Hjem","item":"https://gjeilo.no/"},{"@type":"ListItem","position":2,"name":"Amund Larsen Dalen Amundsted"}]},{"@type":"WebSite","@id":"https://gjeilo.no/#website","url":"https://gjeilo.no/","name":"Slektskap","description":"","potentialAction":[{"@type":"SearchAction","target":{"@type":"EntryPoint","urlTemplate":"https://gjeilo.no/?s={search_term_string}"},"query-input":{"@type":"PropertyValueSpecification","valueRequired":true,"valueName":"search_term_string"}}],"inLanguage":"nb-NO"}]}</script>
<!-- / Yoast SEO plugin. -->

Fødd: 6/7 1834 Gift med Anne Dalen Systuen (f. 1842) Mor: Rønnaug Dalen (f. 1805) Far: Lars Dalen Amundsted f. 1796 d. 1841) Born: Embjørg (f. 22/3 1876 d. ) g.m. Frans Olsson Gjeilo (f. 20/6 1861 d. ) GENI: Far til Rønnaug Amundsdotter Dagsgard; Lars Amundsson Dalen, I; Embjørg Amundsdotter Gjeilo; Anne Amundsdotter Dalen; &hellip; Fortsett å lese Amund Larsen Dalen Amundsted
