{"id":256,"date":"2015-09-01T10:25:59","date_gmt":"2015-09-01T10:25:59","guid":{"rendered":"https:\/\/gjeilo.no\/?page_id=256"},"modified":"2024-11-09T20:08:06","modified_gmt":"2024-11-09T20:08:06","slug":"anne-dalen-systuen","status":"publish","type":"page","link":"https:\/\/gjeilo.no\/?page_id=256","title":{"rendered":"Anne Dalen Systuen"},"content":{"rendered":"<figure id=\"attachment_1618\" aria-describedby=\"caption-attachment-1618\" style=\"width: 1024px\" class=\"wp-caption alignnone\"><a href=\"https:\/\/gjeilo.no\/wp-content\/uploads\/2020\/04\/annedalensystuenfrans.jpg\"><img loading=\"lazy\" decoding=\"async\" class=\"size-full wp-image-1618\" src=\"https:\/\/gjeilo.no\/wp-content\/uploads\/2020\/04\/annedalensystuenfrans.jpg\" alt=\"\" width=\"1024\" height=\"1365\" srcset=\"https:\/\/gjeilo.no\/wp-content\/uploads\/2020\/04\/annedalensystuenfrans.jpg 1024w, https:\/\/gjeilo.no\/wp-content\/uploads\/2020\/04\/annedalensystuenfrans-225x300.jpg 225w, https:\/\/gjeilo.no\/wp-content\/uploads\/2020\/04\/annedalensystuenfrans-768x1024.jpg 768w\" sizes=\"auto, (max-width: 1024px) 100vw, 1024px\" \/><\/a><figcaption id=\"caption-attachment-1618\" class=\"wp-caption-text\">Anne Jonsdatter Dalen Systuen, oldemor til Frans &#8211; bestemor til Ola Frantson p\u00e5 morsida.<\/figcaption><\/figure>\n<p>F\u00f8dd: 1842 (1841)<br \/>Gift med <a href=\"https:\/\/gjeilo.no\/?page_id=260\">Amund Dalen<\/a> (f. 6\/7 1842)<br \/>Mor: Embj\u00f8rg Rolvsdotter Dalen f. 24. januar 1816 <a href=\"https:\/\/www.geni.com\/people\/Embj%C3%B8rg-Dalen\/6000000002465965074?through=6000000007936917033\" target=\"_blank\" rel=\"noopener\">GENI<\/a><br \/>Far: Jon Olsson Dalen f. 24, september 1797 <a href=\"https:\/\/www.geni.com\/people\/Jon-Dalen\/6000000008744466359?through=6000000007936917033\" target=\"_blank\" rel=\"noopener\">GENI<\/a><\/p>\n<p><a href=\"https:\/\/www.geni.com\/people\/Anne-Dalen\/6000000007936917033?through=6000000007937144530\" target=\"_blank\" rel=\"noopener\">GENI ANNE<\/a>: Mor til R\u00f8nnaug Amundsdotter Dagsgard; Lars Amundsson Dalen, I; Embj\u00f8rg Amundsdotter Gjeilo; Anne Amundsdotter Dalen; Pernille Amundsdotter Eide; Lars Amundsson Dalen, II og Jon Amundsson Dalen Mor: Embj\u00f8rg Breiskriden Rolvsdotter Dalen (f. 1816) Far: Jon Dalen (f. 1797)<\/p>\n<p>Born:<br \/><a title=\"Embj\u00f8rg Amundsdotter Dalen (Amundsted)\" href=\"https:\/\/gjeilo.no\/?page_id=249\">Embj\u00f8rg <\/a>(f. 22\/3 1876 d. ) g.m. <a title=\"Frans Olsson Gjeilo (Storkj\u00f8rren)\" href=\"https:\/\/gjeilo.no\/?page_id=253\">Frans Olsson Gjeilo<\/a> (f. 20\/6 1861 d. )<\/p>\n<p>Syskjen:<\/p>\n<p><a href=\"https:\/\/gjeilo.no\"><img loading=\"lazy\" decoding=\"async\" class=\"alignnone  wp-image-6142\" src=\"https:\/\/gjeilo.no\/wp-content\/uploads\/2024\/11\/dor-100-DPI-1.png\" alt=\"\" width=\"89\" height=\"15\" \/><\/a><\/p>\n","protected":false},"excerpt":{"rendered":"<p>F\u00f8dd: 1842 (1841)Gift med Amund Dalen (f. 6\/7 1842)Mor: Embj\u00f8rg Rolvsdotter Dalen f. 24. januar 1816 GENIFar: Jon Olsson Dalen f. 24, september 1797 GENI GENI ANNE: Mor til R\u00f8nnaug Amundsdotter Dagsgard; Lars Amundsson Dalen, I; Embj\u00f8rg Amundsdotter Gjeilo; Anne Amundsdotter Dalen; Pernille Amundsdotter Eide; Lars Amundsson Dalen, II og Jon Amundsson Dalen Mor: Embj\u00f8rg &hellip; <a href=\"https:\/\/gjeilo.no\/?page_id=256\" class=\"more-link\">Fortsett \u00e5 lese <span class=\"screen-reader-text\">Anne Dalen Systuen<\/span><\/a><\/p>\n","protected":false},"author":2,"featured_media":0,"parent":0,"menu_order":0,"comment_status":"closed","ping_status":"open","template":"","meta":{"footnotes":""},"class_list":["post-256","page","type-page","status-publish","hentry"],"yoast_head":"<!-- This site is optimized with the Yoast SEO plugin v26.0 - https:\/\/yoast.com\/wordpress\/plugins\/seo\/ -->\n<title>Anne Dalen Systuen - Slektskap<\/title>\n<meta name=\"robots\" content=\"index, follow, max-snippet:-1, max-image-preview:large, max-video-preview:-1\" \/>\n<link rel=\"canonical\" href=\"https:\/\/gjeilo.no\/?page_id=256\" \/>\n<meta property=\"og:locale\" content=\"nb_NO\" \/>\n<meta property=\"og:type\" content=\"article\" \/>\n<meta property=\"og:title\" content=\"Anne Dalen Systuen - Slektskap\" \/>\n<meta property=\"og:description\" content=\"F\u00f8dd: 1842 (1841)Gift med Amund Dalen (f. 6\/7 1842)Mor: Embj\u00f8rg Rolvsdotter Dalen f. 24. januar 1816 GENIFar: Jon Olsson Dalen f. 24, september 1797 GENI GENI ANNE: Mor til R\u00f8nnaug Amundsdotter Dagsgard; Lars Amundsson Dalen, I; Embj\u00f8rg Amundsdotter Gjeilo; Anne Amundsdotter Dalen; Pernille Amundsdotter Eide; Lars Amundsson Dalen, II og Jon Amundsson Dalen Mor: Embj\u00f8rg &hellip; Fortsett \u00e5 lese Anne Dalen Systuen\" \/>\n<meta property=\"og:url\" content=\"https:\/\/gjeilo.no\/?page_id=256\" \/>\n<meta property=\"og:site_name\" content=\"Slektskap\" \/>\n<meta property=\"article:modified_time\" content=\"2024-11-09T20:08:06+00:00\" \/>\n<meta property=\"og:image\" content=\"https:\/\/gjeilo.no\/wp-content\/uploads\/2020\/04\/annedalensystuenfrans.jpg\" \/>\n\t<meta property=\"og:image:width\" content=\"1024\" \/>\n\t<meta property=\"og:image:height\" content=\"1365\" \/>\n\t<meta property=\"og:image:type\" content=\"image\/jpeg\" \/>\n<meta name=\"twitter:card\" content=\"summary_large_image\" \/>\n<meta name=\"twitter:label1\" content=\"Ansl. lesetid\" \/>\n\t<meta name=\"twitter:data1\" content=\"1 minutt\" \/>\n<script type=\"application\/ld+json\" class=\"yoast-schema-graph\">{\"@context\":\"https:\/\/schema.org\",\"@graph\":[{\"@type\":\"WebPage\",\"@id\":\"https:\/\/gjeilo.no\/?page_id=256\",\"url\":\"https:\/\/gjeilo.no\/?page_id=256\",\"name\":\"Anne Dalen Systuen - Slektskap\",\"isPartOf\":{\"@id\":\"https:\/\/gjeilo.no\/#website\"},\"primaryImageOfPage\":{\"@id\":\"https:\/\/gjeilo.no\/?page_id=256#primaryimage\"},\"image\":{\"@id\":\"https:\/\/gjeilo.no\/?page_id=256#primaryimage\"},\"thumbnailUrl\":\"https:\/\/gjeilo.no\/wp-content\/uploads\/2020\/04\/annedalensystuenfrans.jpg\",\"datePublished\":\"2015-09-01T10:25:59+00:00\",\"dateModified\":\"2024-11-09T20:08:06+00:00\",\"breadcrumb\":{\"@id\":\"https:\/\/gjeilo.no\/?page_id=256#breadcrumb\"},\"inLanguage\":\"nb-NO\",\"potentialAction\":[{\"@type\":\"ReadAction\",\"target\":[\"https:\/\/gjeilo.no\/?page_id=256\"]}]},{\"@type\":\"ImageObject\",\"inLanguage\":\"nb-NO\",\"@id\":\"https:\/\/gjeilo.no\/?page_id=256#primaryimage\",\"url\":\"https:\/\/gjeilo.no\/wp-content\/uploads\/2020\/04\/annedalensystuenfrans.jpg\",\"contentUrl\":\"https:\/\/gjeilo.no\/wp-content\/uploads\/2020\/04\/annedalensystuenfrans.jpg\"},{\"@type\":\"BreadcrumbList\",\"@id\":\"https:\/\/gjeilo.no\/?page_id=256#breadcrumb\",\"itemListElement\":[{\"@type\":\"ListItem\",\"position\":1,\"name\":\"Hjem\",\"item\":\"https:\/\/gjeilo.no\/\"},{\"@type\":\"ListItem\",\"position\":2,\"name\":\"Anne Dalen Systuen\"}]},{\"@type\":\"WebSite\",\"@id\":\"https:\/\/gjeilo.no\/#website\",\"url\":\"https:\/\/gjeilo.no\/\",\"name\":\"Slektskap\",\"description\":\"\",\"potentialAction\":[{\"@type\":\"SearchAction\",\"target\":{\"@type\":\"EntryPoint\",\"urlTemplate\":\"https:\/\/gjeilo.no\/?s={search_term_string}\"},\"query-input\":{\"@type\":\"PropertyValueSpecification\",\"valueRequired\":true,\"valueName\":\"search_term_string\"}}],\"inLanguage\":\"nb-NO\"}]}<\/script>\n<!-- \/ Yoast SEO plugin. -->","yoast_head_json":{"title":"Anne Dalen Systuen - Slektskap","robots":{"index":"index","follow":"follow","max-snippet":"max-snippet:-1","max-image-preview":"max-image-preview:large","max-video-preview":"max-video-preview:-1"},"canonical":"https:\/\/gjeilo.no\/?page_id=256","og_locale":"nb_NO","og_type":"article","og_title":"Anne Dalen Systuen - Slektskap","og_description":"F\u00f8dd: 1842 (1841)Gift med Amund Dalen (f. 6\/7 1842)Mor: Embj\u00f8rg Rolvsdotter Dalen f. 24. januar 1816 GENIFar: Jon Olsson Dalen f. 24, september 1797 GENI GENI ANNE: Mor til R\u00f8nnaug Amundsdotter Dagsgard; Lars Amundsson Dalen, I; Embj\u00f8rg Amundsdotter Gjeilo; Anne Amundsdotter Dalen; Pernille Amundsdotter Eide; Lars Amundsson Dalen, II og Jon Amundsson Dalen Mor: Embj\u00f8rg &hellip; Fortsett \u00e5 lese Anne Dalen Systuen","og_url":"https:\/\/gjeilo.no\/?page_id=256","og_site_name":"Slektskap","article_modified_time":"2024-11-09T20:08:06+00:00","og_image":[{"width":1024,"height":1365,"url":"https:\/\/gjeilo.no\/wp-content\/uploads\/2020\/04\/annedalensystuenfrans.jpg","type":"image\/jpeg"}],"twitter_card":"summary_large_image","twitter_misc":{"Ansl. lesetid":"1 minutt"},"schema":{"@context":"https:\/\/schema.org","@graph":[{"@type":"WebPage","@id":"https:\/\/gjeilo.no\/?page_id=256","url":"https:\/\/gjeilo.no\/?page_id=256","name":"Anne Dalen Systuen - Slektskap","isPartOf":{"@id":"https:\/\/gjeilo.no\/#website"},"primaryImageOfPage":{"@id":"https:\/\/gjeilo.no\/?page_id=256#primaryimage"},"image":{"@id":"https:\/\/gjeilo.no\/?page_id=256#primaryimage"},"thumbnailUrl":"https:\/\/gjeilo.no\/wp-content\/uploads\/2020\/04\/annedalensystuenfrans.jpg","datePublished":"2015-09-01T10:25:59+00:00","dateModified":"2024-11-09T20:08:06+00:00","breadcrumb":{"@id":"https:\/\/gjeilo.no\/?page_id=256#breadcrumb"},"inLanguage":"nb-NO","potentialAction":[{"@type":"ReadAction","target":["https:\/\/gjeilo.no\/?page_id=256"]}]},{"@type":"ImageObject","inLanguage":"nb-NO","@id":"https:\/\/gjeilo.no\/?page_id=256#primaryimage","url":"https:\/\/gjeilo.no\/wp-content\/uploads\/2020\/04\/annedalensystuenfrans.jpg","contentUrl":"https:\/\/gjeilo.no\/wp-content\/uploads\/2020\/04\/annedalensystuenfrans.jpg"},{"@type":"BreadcrumbList","@id":"https:\/\/gjeilo.no\/?page_id=256#breadcrumb","itemListElement":[{"@type":"ListItem","position":1,"name":"Hjem","item":"https:\/\/gjeilo.no\/"},{"@type":"ListItem","position":2,"name":"Anne Dalen Systuen"}]},{"@type":"WebSite","@id":"https:\/\/gjeilo.no\/#website","url":"https:\/\/gjeilo.no\/","name":"Slektskap","description":"","potentialAction":[{"@type":"SearchAction","target":{"@type":"EntryPoint","urlTemplate":"https:\/\/gjeilo.no\/?s={search_term_string}"},"query-input":{"@type":"PropertyValueSpecification","valueRequired":true,"valueName":"search_term_string"}}],"inLanguage":"nb-NO"}]}},"_links":{"self":[{"href":"https:\/\/gjeilo.no\/index.php?rest_route=\/wp\/v2\/pages\/256","targetHints":{"allow":["GET"]}}],"collection":[{"href":"https:\/\/gjeilo.no\/index.php?rest_route=\/wp\/v2\/pages"}],"about":[{"href":"https:\/\/gjeilo.no\/index.php?rest_route=\/wp\/v2\/types\/page"}],"author":[{"embeddable":true,"href":"https:\/\/gjeilo.no\/index.php?rest_route=\/wp\/v2\/users\/2"}],"replies":[{"embeddable":true,"href":"https:\/\/gjeilo.no\/index.php?rest_route=%2Fwp%2Fv2%2Fcomments&post=256"}],"version-history":[{"count":17,"href":"https:\/\/gjeilo.no\/index.php?rest_route=\/wp\/v2\/pages\/256\/revisions"}],"predecessor-version":[{"id":6210,"href":"https:\/\/gjeilo.no\/index.php?rest_route=\/wp\/v2\/pages\/256\/revisions\/6210"}],"wp:attachment":[{"href":"https:\/\/gjeilo.no\/index.php?rest_route=%2Fwp%2Fv2%2Fmedia&parent=256"}],"curies":[{"name":"wp","href":"https:\/\/api.w.org\/{rel}","templated":true}]}}

<figure id="attachment_1618" aria-describedby="caption-attachment-1618" style="width: 1024px" class="wp-caption alignnone"><a href="https://gjeilo.no/wp-content/uploads/2020/04/annedalensystuenfrans.jpg"><img loading="lazy" decoding="async" class="size-full wp-image-1618" src="https://gjeilo.no/wp-content/uploads/2020/04/annedalensystuenfrans.jpg" alt="" width="1024" height="1365" srcset="https://gjeilo.no/wp-content/uploads/2020/04/annedalensystuenfrans.jpg 1024w, https://gjeilo.no/wp-content/uploads/2020/04/annedalensystuenfrans-225x300.jpg 225w, https://gjeilo.no/wp-content/uploads/2020/04/annedalensystuenfrans-768x1024.jpg 768w" sizes="auto, (max-width: 1024px) 100vw, 1024px" /></a><figcaption id="caption-attachment-1618" class="wp-caption-text">Anne Jonsdatter Dalen Systuen, oldemor til Frans &#8211; bestemor til Ola Frantson på morsida.</figcaption></figure>
<p>Fødd: 1842 (1841)<br />Gift med <a href="https://gjeilo.no/?page_id=260">Amund Dalen</a> (f. 6/7 1842)<br />Mor: Embjørg Rolvsdotter Dalen f. 24. januar 1816 <a href="https://www.geni.com/people/Embj%C3%B8rg-Dalen/6000000002465965074?through=6000000007936917033" target="_blank" rel="noopener">GENI</a><br />Far: Jon Olsson Dalen f. 24, september 1797 <a href="https://www.geni.com/people/Jon-Dalen/6000000008744466359?through=6000000007936917033" target="_blank" rel="noopener">GENI</a></p>
<p><a href="https://www.geni.com/people/Anne-Dalen/6000000007936917033?through=6000000007937144530" target="_blank" rel="noopener">GENI ANNE</a>: Mor til Rønnaug Amundsdotter Dagsgard; Lars Amundsson Dalen, I; Embjørg Amundsdotter Gjeilo; Anne Amundsdotter Dalen; Pernille Amundsdotter Eide; Lars Amundsson Dalen, II og Jon Amundsson Dalen Mor: Embjørg Breiskriden Rolvsdotter Dalen (f. 1816) Far: Jon Dalen (f. 1797)</p>
<p>Born:<br /><a title="Embjørg Amundsdotter Dalen (Amundsted)" href="https://gjeilo.no/?page_id=249">Embjørg </a>(f. 22/3 1876 d. ) g.m. <a title="Frans Olsson Gjeilo (Storkjørren)" href="https://gjeilo.no/?page_id=253">Frans Olsson Gjeilo</a> (f. 20/6 1861 d. )</p>
<p>Syskjen:</p>
<p><a href="https://gjeilo.no"><img loading="lazy" decoding="async" class="alignnone  wp-image-6142" src="https://gjeilo.no/wp-content/uploads/2024/11/dor-100-DPI-1.png" alt="" width="89" height="15" /></a></p>

<p>Fødd: 1842 (1841)Gift med Amund Dalen (f. 6/7 1842)Mor: Embjørg Rolvsdotter Dalen f. 24. januar 1816 GENIFar: Jon Olsson Dalen f. 24, september 1797 GENI GENI ANNE: Mor til Rønnaug Amundsdotter Dagsgard; Lars Amundsson Dalen, I; Embjørg Amundsdotter Gjeilo; Anne Amundsdotter Dalen; Pernille Amundsdotter Eide; Lars Amundsson Dalen, II og Jon Amundsson Dalen Mor: Embjørg &hellip; <a href="https://gjeilo.no/?page_id=256" class="more-link">Fortsett å lese <span class="screen-reader-text">Anne Dalen Systuen</span></a></p>

<!-- This site is optimized with the Yoast SEO plugin v26.0 - https://yoast.com/wordpress/plugins/seo/ -->
<title>Anne Dalen Systuen - Slektskap</title>
<meta name="robots" content="index, follow, max-snippet:-1, max-image-preview:large, max-video-preview:-1" />
<link rel="canonical" href="https://gjeilo.no/?page_id=256" />
<meta property="og:locale" content="nb_NO" />
<meta property="og:type" content="article" />
<meta property="og:title" content="Anne Dalen Systuen - Slektskap" />
<meta property="og:description" content="Fødd: 1842 (1841)Gift med Amund Dalen (f. 6/7 1842)Mor: Embjørg Rolvsdotter Dalen f. 24. januar 1816 GENIFar: Jon Olsson Dalen f. 24, september 1797 GENI GENI ANNE: Mor til Rønnaug Amundsdotter Dagsgard; Lars Amundsson Dalen, I; Embjørg Amundsdotter Gjeilo; Anne Amundsdotter Dalen; Pernille Amundsdotter Eide; Lars Amundsson Dalen, II og Jon Amundsson Dalen Mor: Embjørg &hellip; Fortsett å lese Anne Dalen Systuen" />
<meta property="og:url" content="https://gjeilo.no/?page_id=256" />
<meta property="og:site_name" content="Slektskap" />
<meta property="article:modified_time" content="2024-11-09T20:08:06+00:00" />
<meta property="og:image" content="https://gjeilo.no/wp-content/uploads/2020/04/annedalensystuenfrans.jpg" />
	<meta property="og:image:width" content="1024" />
	<meta property="og:image:height" content="1365" />
	<meta property="og:image:type" content="image/jpeg" />
<meta name="twitter:card" content="summary_large_image" />
<meta name="twitter:label1" content="Ansl. lesetid" />
	<meta name="twitter:data1" content="1 minutt" />
<script type="application/ld+json" class="yoast-schema-graph">{"@context":"https://schema.org","@graph":[{"@type":"WebPage","@id":"https://gjeilo.no/?page_id=256","url":"https://gjeilo.no/?page_id=256","name":"Anne Dalen Systuen - Slektskap","isPartOf":{"@id":"https://gjeilo.no/#website"},"primaryImageOfPage":{"@id":"https://gjeilo.no/?page_id=256#primaryimage"},"image":{"@id":"https://gjeilo.no/?page_id=256#primaryimage"},"thumbnailUrl":"https://gjeilo.no/wp-content/uploads/2020/04/annedalensystuenfrans.jpg","datePublished":"2015-09-01T10:25:59+00:00","dateModified":"2024-11-09T20:08:06+00:00","breadcrumb":{"@id":"https://gjeilo.no/?page_id=256#breadcrumb"},"inLanguage":"nb-NO","potentialAction":[{"@type":"ReadAction","target":["https://gjeilo.no/?page_id=256"]}]},{"@type":"ImageObject","inLanguage":"nb-NO","@id":"https://gjeilo.no/?page_id=256#primaryimage","url":"https://gjeilo.no/wp-content/uploads/2020/04/annedalensystuenfrans.jpg","contentUrl":"https://gjeilo.no/wp-content/uploads/2020/04/annedalensystuenfrans.jpg"},{"@type":"BreadcrumbList","@id":"https://gjeilo.no/?page_id=256#breadcrumb","itemListElement":[{"@type":"ListItem","position":1,"name":"Hjem","item":"https://gjeilo.no/"},{"@type":"ListItem","position":2,"name":"Anne Dalen Systuen"}]},{"@type":"WebSite","@id":"https://gjeilo.no/#website","url":"https://gjeilo.no/","name":"Slektskap","description":"","potentialAction":[{"@type":"SearchAction","target":{"@type":"EntryPoint","urlTemplate":"https://gjeilo.no/?s={search_term_string}"},"query-input":{"@type":"PropertyValueSpecification","valueRequired":true,"valueName":"search_term_string"}}],"inLanguage":"nb-NO"}]}</script>
<!-- / Yoast SEO plugin. -->

Fødd: 1842 (1841)Gift med Amund Dalen (f. 6/7 1842)Mor: Embjørg Rolvsdotter Dalen f. 24. januar 1816 GENIFar: Jon Olsson Dalen f. 24, september 1797 GENI GENI ANNE: Mor til Rønnaug Amundsdotter Dagsgard; Lars Amundsson Dalen, I; Embjørg Amundsdotter Gjeilo; Anne Amundsdotter Dalen; Pernille Amundsdotter Eide; Lars Amundsson Dalen, II og Jon Amundsson Dalen Mor: Embjørg &hellip; Fortsett å lese Anne Dalen Systuen
