{"id":143,"date":"2015-09-01T08:43:30","date_gmt":"2015-09-01T08:43:30","guid":{"rendered":"https:\/\/gjeilo.no\/?page_id=143"},"modified":"2024-11-09T19:39:39","modified_gmt":"2024-11-09T19:39:39","slug":"johan-johannes-slettom-2","status":"publish","type":"page","link":"https:\/\/gjeilo.no\/?page_id=143","title":{"rendered":"Johan Erikson Bottabakkom Slettom"},"content":{"rendered":"<p>F\u00f8dd: f . 12. febr. 1866\u00a0 d\u00f8ypt 8. april 1866 i flg. kyrkjeboka (f. 12. febr. 1865 i flg. folketellinga 1910) g. 1893 med<br \/>\nD\u00f8d:<\/p>\n<p>Mor: <a href=\"https:\/\/gjeilo.no\/?page_id=693\">R\u00f8nnaug Knutsd. (i Gjedserhagen) Bottabakken<\/a>, f 26. aug 1839<br \/>\nFar: Erik Christophersen \u00d8ijordet i Lesje,\u00a0 nu i Tjeneste i Drivstuen i Opdal. &#8211; Begges 1th Leiermaal i flg. kyrkjeboka Ministerialbok nr. 7, 1863-1884, s. 18 (Johannes Johnsson Johnsson f. <time id=\"birth_date\" datetime=\"1828-uu-uu\">1828 i flg. GENI).\u00a0 <\/time><br \/>\nGift med: <a title=\"Anne Olsd. Bakken Slettom\" href=\"https:\/\/gjeilo.no\/?page_id=141\">Anne Olsd. Bakken<\/a>, f 25.aug 1868<\/p>\n<p>Born:<br \/>\n1. <a title=\"Ola Slettom\" href=\"https:\/\/gjeilo.no\/?page_id=57\">Ola Johans. Slettom<\/a> g.m. Anne Larsd. Kv\u00e5le<br \/>\n1.1. Astrid Olsd. Slettom,f. 9-des 1920, g med Olav Pers. Sletten<br \/>\n1.1.1. Per Olavs. Sletten<br \/>\n1.1.2. Ola Olavs. Sletten<br \/>\n1.1.2.1. Tove Sletten<br \/>\n1.1.2.2. Rune Sletten<br \/>\n1.1.3. Ingvald Olavs. Sletten<br \/>\n1.1.4. Leif Arvid Olavs. Sletten<br \/>\n1.1.5. Anne Lise Olavsd. Sletten<br \/>\n1.1.5.1. Torkild Husom<br \/>\n1.1.5.2. Astrid Husom<br \/>\n1.1.5.3. Kristin Husom<br \/>\n1.1.5.4. Eva R\u00f8nningen<br \/>\n1.2. Margit Olsd. Slettom,f. 9.des 1920, d\u00f8d berre fire veker gamal.<br \/>\n1.3. Marit Olsd. Slettom, f. 1921, g med Lars Skjerpingstad<br \/>\n1.3.1. Ester Larsd. Skjerpingstad<br \/>\n1.4. Jofrid Olsd. Slettom, f. 15.des 1929, g med Kaare Ols. Kroken f 1924<br \/>\nJohan var uekte barn, som det heitte. Mor hans, ho R\u00f8nnaug, gifta seg med Jo Gunders. Marstein. Dei fekk ein son, Anton Marstein, som d\u00e5 vart Johan sin halvbror.<br \/>\nSlettom var eit sm\u00e5bruk ved Kv\u00e5lshagen.<\/p>\n<p><a href=\"https:\/\/gjeilo.no\"><img loading=\"lazy\" decoding=\"async\" class=\"alignnone  wp-image-6142\" src=\"https:\/\/gjeilo.no\/wp-content\/uploads\/2024\/11\/dor-100-DPI-1.png\" alt=\"\" width=\"89\" height=\"15\" \/><\/a><\/p>\n","protected":false},"excerpt":{"rendered":"<p>F\u00f8dd: f . 12. febr. 1866\u00a0 d\u00f8ypt 8. april 1866 i flg. kyrkjeboka (f. 12. febr. 1865 i flg. folketellinga 1910) g. 1893 med D\u00f8d: Mor: R\u00f8nnaug Knutsd. (i Gjedserhagen) Bottabakken, f 26. aug 1839 Far: Erik Christophersen \u00d8ijordet i Lesje,\u00a0 nu i Tjeneste i Drivstuen i Opdal. &#8211; Begges 1th Leiermaal i flg. kyrkjeboka &hellip; <a href=\"https:\/\/gjeilo.no\/?page_id=143\" class=\"more-link\">Fortsett \u00e5 lese <span class=\"screen-reader-text\">Johan Erikson Bottabakkom Slettom<\/span><\/a><\/p>\n","protected":false},"author":2,"featured_media":0,"parent":0,"menu_order":0,"comment_status":"closed","ping_status":"open","template":"","meta":{"footnotes":""},"class_list":["post-143","page","type-page","status-publish","hentry"],"yoast_head":"<!-- This site is optimized with the Yoast SEO plugin v26.0 - https:\/\/yoast.com\/wordpress\/plugins\/seo\/ -->\n<title>Johan Erikson Bottabakkom Slettom - Slektskap<\/title>\n<meta name=\"robots\" content=\"index, follow, max-snippet:-1, max-image-preview:large, max-video-preview:-1\" \/>\n<link rel=\"canonical\" href=\"https:\/\/gjeilo.no\/?page_id=143\" \/>\n<meta property=\"og:locale\" content=\"nb_NO\" \/>\n<meta property=\"og:type\" content=\"article\" \/>\n<meta property=\"og:title\" content=\"Johan Erikson Bottabakkom Slettom - Slektskap\" \/>\n<meta property=\"og:description\" content=\"F\u00f8dd: f . 12. febr. 1866\u00a0 d\u00f8ypt 8. april 1866 i flg. kyrkjeboka (f. 12. febr. 1865 i flg. folketellinga 1910) g. 1893 med D\u00f8d: Mor: R\u00f8nnaug Knutsd. (i Gjedserhagen) Bottabakken, f 26. aug 1839 Far: Erik Christophersen \u00d8ijordet i Lesje,\u00a0 nu i Tjeneste i Drivstuen i Opdal. &#8211; Begges 1th Leiermaal i flg. kyrkjeboka &hellip; Fortsett \u00e5 lese Johan Erikson Bottabakkom Slettom\" \/>\n<meta property=\"og:url\" content=\"https:\/\/gjeilo.no\/?page_id=143\" \/>\n<meta property=\"og:site_name\" content=\"Slektskap\" \/>\n<meta property=\"article:modified_time\" content=\"2024-11-09T19:39:39+00:00\" \/>\n<meta property=\"og:image\" content=\"https:\/\/gjeilo.no\/wp-content\/uploads\/2024\/11\/dor-100-DPI-1.png\" \/>\n\t<meta property=\"og:image:width\" content=\"266\" \/>\n\t<meta property=\"og:image:height\" content=\"45\" \/>\n\t<meta property=\"og:image:type\" content=\"image\/png\" \/>\n<meta name=\"twitter:card\" content=\"summary_large_image\" \/>\n<meta name=\"twitter:label1\" content=\"Ansl. lesetid\" \/>\n\t<meta name=\"twitter:data1\" content=\"2 minutter\" \/>\n<script type=\"application\/ld+json\" class=\"yoast-schema-graph\">{\"@context\":\"https:\/\/schema.org\",\"@graph\":[{\"@type\":\"WebPage\",\"@id\":\"https:\/\/gjeilo.no\/?page_id=143\",\"url\":\"https:\/\/gjeilo.no\/?page_id=143\",\"name\":\"Johan Erikson Bottabakkom Slettom - Slektskap\",\"isPartOf\":{\"@id\":\"https:\/\/gjeilo.no\/#website\"},\"primaryImageOfPage\":{\"@id\":\"https:\/\/gjeilo.no\/?page_id=143#primaryimage\"},\"image\":{\"@id\":\"https:\/\/gjeilo.no\/?page_id=143#primaryimage\"},\"thumbnailUrl\":\"https:\/\/gjeilo.no\/wp-content\/uploads\/2024\/11\/dor-100-DPI-1.png\",\"datePublished\":\"2015-09-01T08:43:30+00:00\",\"dateModified\":\"2024-11-09T19:39:39+00:00\",\"breadcrumb\":{\"@id\":\"https:\/\/gjeilo.no\/?page_id=143#breadcrumb\"},\"inLanguage\":\"nb-NO\",\"potentialAction\":[{\"@type\":\"ReadAction\",\"target\":[\"https:\/\/gjeilo.no\/?page_id=143\"]}]},{\"@type\":\"ImageObject\",\"inLanguage\":\"nb-NO\",\"@id\":\"https:\/\/gjeilo.no\/?page_id=143#primaryimage\",\"url\":\"https:\/\/gjeilo.no\/wp-content\/uploads\/2024\/11\/dor-100-DPI-1.png\",\"contentUrl\":\"https:\/\/gjeilo.no\/wp-content\/uploads\/2024\/11\/dor-100-DPI-1.png\"},{\"@type\":\"BreadcrumbList\",\"@id\":\"https:\/\/gjeilo.no\/?page_id=143#breadcrumb\",\"itemListElement\":[{\"@type\":\"ListItem\",\"position\":1,\"name\":\"Hjem\",\"item\":\"https:\/\/gjeilo.no\/\"},{\"@type\":\"ListItem\",\"position\":2,\"name\":\"Johan Erikson Bottabakkom Slettom\"}]},{\"@type\":\"WebSite\",\"@id\":\"https:\/\/gjeilo.no\/#website\",\"url\":\"https:\/\/gjeilo.no\/\",\"name\":\"Slektskap\",\"description\":\"\",\"potentialAction\":[{\"@type\":\"SearchAction\",\"target\":{\"@type\":\"EntryPoint\",\"urlTemplate\":\"https:\/\/gjeilo.no\/?s={search_term_string}\"},\"query-input\":{\"@type\":\"PropertyValueSpecification\",\"valueRequired\":true,\"valueName\":\"search_term_string\"}}],\"inLanguage\":\"nb-NO\"}]}<\/script>\n<!-- \/ Yoast SEO plugin. -->","yoast_head_json":{"title":"Johan Erikson Bottabakkom Slettom - Slektskap","robots":{"index":"index","follow":"follow","max-snippet":"max-snippet:-1","max-image-preview":"max-image-preview:large","max-video-preview":"max-video-preview:-1"},"canonical":"https:\/\/gjeilo.no\/?page_id=143","og_locale":"nb_NO","og_type":"article","og_title":"Johan Erikson Bottabakkom Slettom - Slektskap","og_description":"F\u00f8dd: f . 12. febr. 1866\u00a0 d\u00f8ypt 8. april 1866 i flg. kyrkjeboka (f. 12. febr. 1865 i flg. folketellinga 1910) g. 1893 med D\u00f8d: Mor: R\u00f8nnaug Knutsd. (i Gjedserhagen) Bottabakken, f 26. aug 1839 Far: Erik Christophersen \u00d8ijordet i Lesje,\u00a0 nu i Tjeneste i Drivstuen i Opdal. &#8211; Begges 1th Leiermaal i flg. kyrkjeboka &hellip; Fortsett \u00e5 lese Johan Erikson Bottabakkom Slettom","og_url":"https:\/\/gjeilo.no\/?page_id=143","og_site_name":"Slektskap","article_modified_time":"2024-11-09T19:39:39+00:00","og_image":[{"width":266,"height":45,"url":"https:\/\/gjeilo.no\/wp-content\/uploads\/2024\/11\/dor-100-DPI-1.png","type":"image\/png"}],"twitter_card":"summary_large_image","twitter_misc":{"Ansl. lesetid":"2 minutter"},"schema":{"@context":"https:\/\/schema.org","@graph":[{"@type":"WebPage","@id":"https:\/\/gjeilo.no\/?page_id=143","url":"https:\/\/gjeilo.no\/?page_id=143","name":"Johan Erikson Bottabakkom Slettom - Slektskap","isPartOf":{"@id":"https:\/\/gjeilo.no\/#website"},"primaryImageOfPage":{"@id":"https:\/\/gjeilo.no\/?page_id=143#primaryimage"},"image":{"@id":"https:\/\/gjeilo.no\/?page_id=143#primaryimage"},"thumbnailUrl":"https:\/\/gjeilo.no\/wp-content\/uploads\/2024\/11\/dor-100-DPI-1.png","datePublished":"2015-09-01T08:43:30+00:00","dateModified":"2024-11-09T19:39:39+00:00","breadcrumb":{"@id":"https:\/\/gjeilo.no\/?page_id=143#breadcrumb"},"inLanguage":"nb-NO","potentialAction":[{"@type":"ReadAction","target":["https:\/\/gjeilo.no\/?page_id=143"]}]},{"@type":"ImageObject","inLanguage":"nb-NO","@id":"https:\/\/gjeilo.no\/?page_id=143#primaryimage","url":"https:\/\/gjeilo.no\/wp-content\/uploads\/2024\/11\/dor-100-DPI-1.png","contentUrl":"https:\/\/gjeilo.no\/wp-content\/uploads\/2024\/11\/dor-100-DPI-1.png"},{"@type":"BreadcrumbList","@id":"https:\/\/gjeilo.no\/?page_id=143#breadcrumb","itemListElement":[{"@type":"ListItem","position":1,"name":"Hjem","item":"https:\/\/gjeilo.no\/"},{"@type":"ListItem","position":2,"name":"Johan Erikson Bottabakkom Slettom"}]},{"@type":"WebSite","@id":"https:\/\/gjeilo.no\/#website","url":"https:\/\/gjeilo.no\/","name":"Slektskap","description":"","potentialAction":[{"@type":"SearchAction","target":{"@type":"EntryPoint","urlTemplate":"https:\/\/gjeilo.no\/?s={search_term_string}"},"query-input":{"@type":"PropertyValueSpecification","valueRequired":true,"valueName":"search_term_string"}}],"inLanguage":"nb-NO"}]}},"_links":{"self":[{"href":"https:\/\/gjeilo.no\/index.php?rest_route=\/wp\/v2\/pages\/143","targetHints":{"allow":["GET"]}}],"collection":[{"href":"https:\/\/gjeilo.no\/index.php?rest_route=\/wp\/v2\/pages"}],"about":[{"href":"https:\/\/gjeilo.no\/index.php?rest_route=\/wp\/v2\/types\/page"}],"author":[{"embeddable":true,"href":"https:\/\/gjeilo.no\/index.php?rest_route=\/wp\/v2\/users\/2"}],"replies":[{"embeddable":true,"href":"https:\/\/gjeilo.no\/index.php?rest_route=%2Fwp%2Fv2%2Fcomments&post=143"}],"version-history":[{"count":16,"href":"https:\/\/gjeilo.no\/index.php?rest_route=\/wp\/v2\/pages\/143\/revisions"}],"predecessor-version":[{"id":6176,"href":"https:\/\/gjeilo.no\/index.php?rest_route=\/wp\/v2\/pages\/143\/revisions\/6176"}],"wp:attachment":[{"href":"https:\/\/gjeilo.no\/index.php?rest_route=%2Fwp%2Fv2%2Fmedia&parent=143"}],"curies":[{"name":"wp","href":"https:\/\/api.w.org\/{rel}","templated":true}]}}