{"id":141,"date":"2015-09-01T08:42:35","date_gmt":"2015-09-01T08:42:35","guid":{"rendered":"https:\/\/gjeilo.no\/?page_id=141"},"modified":"2024-11-09T19:39:19","modified_gmt":"2024-11-09T19:39:19","slug":"anne-olsd-bakken-slettom-2","status":"publish","type":"page","link":"https:\/\/gjeilo.no\/?page_id=141","title":{"rendered":"Anne Olsd. Bakken Slettom"},"content":{"rendered":"<p>F\u00f8dd f. 25.aug. 1868<br \/>\nGift 22\/11 1921 med <a href=\"https:\/\/gjeilo.no\/?page_id=143\">Johan Eriks. Slettom<\/a><a href=\"http:\/\/www.gjeilo.no\/index.php?sideid=12\"><br \/>\n<\/a>Mor: Kari Knutsd. L\u00f8k\u00f8ien, f Laingen, 1848<br \/>\nFar: Ola Kristens. Stein, f 27. okt 1845<\/p>\n<p>Barn:<br \/>\n1. Jo Johans. , g med Marit Tr\u00e5stad<br \/>\n2. <a title=\"Ola Slettom\" href=\"https:\/\/gjeilo.no\/?page_id=57\">Ola Johans<\/a><a href=\"http:\/\/www.gjeilo.no\/index.php?sideid=8\">.<\/a> g med <a title=\"Anna Kv\u00e5le\" href=\"https:\/\/gjeilo.no\/?page_id=54\">Anne Larsd. Kv\u00e5le<\/a><a href=\"http:\/\/www.gjeilo.no\/index.php?sideid=7\"><br \/>\n<\/a>3. R\u00f8nnaug Johansd. g med Eilev Randen<br \/>\n4. Kari Johansd.<br \/>\n5. Anne Johansd. g med Sylfest Juland<br \/>\n6. Knut Johans. g med Olga Slettom<br \/>\n7. Sigvald Johans. g med Kari Skinnet<br \/>\n8. Asbj\u00f8rn Johans. g med Ymbj\u00f8rg Repp<\/p>\n<p>Syskjen:<br \/>\n1. Anne Olsd. f 1868<br \/>\n2. Mari Olsd. f 1870<br \/>\n3. Kristen Ols. Ishuset, f 1872, g med Ymbj\u00f8rg T\u00e5rud<br \/>\n4. Knut Ols.Aukrustbakken f 1874, g med Mari O Lamo. Utvandra til USA<br \/>\n5. Ola Ols. f 1877, ukjent<br \/>\n6. Synne Olsd. Klepp f 1879, ugift<br \/>\n7. Marit Olsd f 1882, g med Ola Erlands. Moen<br \/>\n8. Brit f 1884, utvandra til USA i 1903<br \/>\n9. Hans Ols. f 1887, utvandra til USA i 1906<br \/>\n10. Mathias f 1889, ukjent<\/p>\n<p><a href=\"https:\/\/gjeilo.no\"><img loading=\"lazy\" decoding=\"async\" class=\"alignnone  wp-image-6142\" src=\"https:\/\/gjeilo.no\/wp-content\/uploads\/2024\/11\/dor-100-DPI-1.png\" alt=\"\" width=\"89\" height=\"15\" \/><\/a><\/p>\n","protected":false},"excerpt":{"rendered":"<p>F\u00f8dd f. 25.aug. 1868 Gift 22\/11 1921 med Johan Eriks. Slettom Mor: Kari Knutsd. L\u00f8k\u00f8ien, f Laingen, 1848 Far: Ola Kristens. Stein, f 27. okt 1845 Barn: 1. Jo Johans. , g med Marit Tr\u00e5stad 2. Ola Johans. g med Anne Larsd. Kv\u00e5le 3. R\u00f8nnaug Johansd. g med Eilev Randen 4. Kari Johansd. 5. Anne &hellip; <a href=\"https:\/\/gjeilo.no\/?page_id=141\" class=\"more-link\">Fortsett \u00e5 lese <span class=\"screen-reader-text\">Anne Olsd. Bakken Slettom<\/span><\/a><\/p>\n","protected":false},"author":2,"featured_media":0,"parent":0,"menu_order":0,"comment_status":"closed","ping_status":"open","template":"","meta":{"footnotes":""},"class_list":["post-141","page","type-page","status-publish","hentry"],"yoast_head":"<!-- This site is optimized with the Yoast SEO plugin v26.0 - https:\/\/yoast.com\/wordpress\/plugins\/seo\/ -->\n<title>Anne Olsd. Bakken Slettom - Slektskap<\/title>\n<meta name=\"robots\" content=\"index, follow, max-snippet:-1, max-image-preview:large, max-video-preview:-1\" \/>\n<link rel=\"canonical\" href=\"https:\/\/gjeilo.no\/?page_id=141\" \/>\n<meta property=\"og:locale\" content=\"nb_NO\" \/>\n<meta property=\"og:type\" content=\"article\" \/>\n<meta property=\"og:title\" content=\"Anne Olsd. Bakken Slettom - Slektskap\" \/>\n<meta property=\"og:description\" content=\"F\u00f8dd f. 25.aug. 1868 Gift 22\/11 1921 med Johan Eriks. Slettom Mor: Kari Knutsd. L\u00f8k\u00f8ien, f Laingen, 1848 Far: Ola Kristens. Stein, f 27. okt 1845 Barn: 1. Jo Johans. , g med Marit Tr\u00e5stad 2. Ola Johans. g med Anne Larsd. Kv\u00e5le 3. R\u00f8nnaug Johansd. g med Eilev Randen 4. Kari Johansd. 5. Anne &hellip; Fortsett \u00e5 lese Anne Olsd. Bakken Slettom\" \/>\n<meta property=\"og:url\" content=\"https:\/\/gjeilo.no\/?page_id=141\" \/>\n<meta property=\"og:site_name\" content=\"Slektskap\" \/>\n<meta property=\"article:modified_time\" content=\"2024-11-09T19:39:19+00:00\" \/>\n<meta property=\"og:image\" content=\"https:\/\/gjeilo.no\/wp-content\/uploads\/2024\/11\/dor-100-DPI-1.png\" \/>\n\t<meta property=\"og:image:width\" content=\"266\" \/>\n\t<meta property=\"og:image:height\" content=\"45\" \/>\n\t<meta property=\"og:image:type\" content=\"image\/png\" \/>\n<meta name=\"twitter:card\" content=\"summary_large_image\" \/>\n<meta name=\"twitter:label1\" content=\"Ansl. lesetid\" \/>\n\t<meta name=\"twitter:data1\" content=\"2 minutter\" \/>\n<script type=\"application\/ld+json\" class=\"yoast-schema-graph\">{\"@context\":\"https:\/\/schema.org\",\"@graph\":[{\"@type\":\"WebPage\",\"@id\":\"https:\/\/gjeilo.no\/?page_id=141\",\"url\":\"https:\/\/gjeilo.no\/?page_id=141\",\"name\":\"Anne Olsd. Bakken Slettom - Slektskap\",\"isPartOf\":{\"@id\":\"https:\/\/gjeilo.no\/#website\"},\"primaryImageOfPage\":{\"@id\":\"https:\/\/gjeilo.no\/?page_id=141#primaryimage\"},\"image\":{\"@id\":\"https:\/\/gjeilo.no\/?page_id=141#primaryimage\"},\"thumbnailUrl\":\"https:\/\/gjeilo.no\/wp-content\/uploads\/2024\/11\/dor-100-DPI-1.png\",\"datePublished\":\"2015-09-01T08:42:35+00:00\",\"dateModified\":\"2024-11-09T19:39:19+00:00\",\"breadcrumb\":{\"@id\":\"https:\/\/gjeilo.no\/?page_id=141#breadcrumb\"},\"inLanguage\":\"nb-NO\",\"potentialAction\":[{\"@type\":\"ReadAction\",\"target\":[\"https:\/\/gjeilo.no\/?page_id=141\"]}]},{\"@type\":\"ImageObject\",\"inLanguage\":\"nb-NO\",\"@id\":\"https:\/\/gjeilo.no\/?page_id=141#primaryimage\",\"url\":\"https:\/\/gjeilo.no\/wp-content\/uploads\/2024\/11\/dor-100-DPI-1.png\",\"contentUrl\":\"https:\/\/gjeilo.no\/wp-content\/uploads\/2024\/11\/dor-100-DPI-1.png\"},{\"@type\":\"BreadcrumbList\",\"@id\":\"https:\/\/gjeilo.no\/?page_id=141#breadcrumb\",\"itemListElement\":[{\"@type\":\"ListItem\",\"position\":1,\"name\":\"Hjem\",\"item\":\"https:\/\/gjeilo.no\/\"},{\"@type\":\"ListItem\",\"position\":2,\"name\":\"Anne Olsd. Bakken Slettom\"}]},{\"@type\":\"WebSite\",\"@id\":\"https:\/\/gjeilo.no\/#website\",\"url\":\"https:\/\/gjeilo.no\/\",\"name\":\"Slektskap\",\"description\":\"\",\"potentialAction\":[{\"@type\":\"SearchAction\",\"target\":{\"@type\":\"EntryPoint\",\"urlTemplate\":\"https:\/\/gjeilo.no\/?s={search_term_string}\"},\"query-input\":{\"@type\":\"PropertyValueSpecification\",\"valueRequired\":true,\"valueName\":\"search_term_string\"}}],\"inLanguage\":\"nb-NO\"}]}<\/script>\n<!-- \/ Yoast SEO plugin. -->","yoast_head_json":{"title":"Anne Olsd. Bakken Slettom - Slektskap","robots":{"index":"index","follow":"follow","max-snippet":"max-snippet:-1","max-image-preview":"max-image-preview:large","max-video-preview":"max-video-preview:-1"},"canonical":"https:\/\/gjeilo.no\/?page_id=141","og_locale":"nb_NO","og_type":"article","og_title":"Anne Olsd. Bakken Slettom - Slektskap","og_description":"F\u00f8dd f. 25.aug. 1868 Gift 22\/11 1921 med Johan Eriks. Slettom Mor: Kari Knutsd. L\u00f8k\u00f8ien, f Laingen, 1848 Far: Ola Kristens. Stein, f 27. okt 1845 Barn: 1. Jo Johans. , g med Marit Tr\u00e5stad 2. Ola Johans. g med Anne Larsd. Kv\u00e5le 3. R\u00f8nnaug Johansd. g med Eilev Randen 4. Kari Johansd. 5. Anne &hellip; Fortsett \u00e5 lese Anne Olsd. Bakken Slettom","og_url":"https:\/\/gjeilo.no\/?page_id=141","og_site_name":"Slektskap","article_modified_time":"2024-11-09T19:39:19+00:00","og_image":[{"width":266,"height":45,"url":"https:\/\/gjeilo.no\/wp-content\/uploads\/2024\/11\/dor-100-DPI-1.png","type":"image\/png"}],"twitter_card":"summary_large_image","twitter_misc":{"Ansl. lesetid":"2 minutter"},"schema":{"@context":"https:\/\/schema.org","@graph":[{"@type":"WebPage","@id":"https:\/\/gjeilo.no\/?page_id=141","url":"https:\/\/gjeilo.no\/?page_id=141","name":"Anne Olsd. Bakken Slettom - Slektskap","isPartOf":{"@id":"https:\/\/gjeilo.no\/#website"},"primaryImageOfPage":{"@id":"https:\/\/gjeilo.no\/?page_id=141#primaryimage"},"image":{"@id":"https:\/\/gjeilo.no\/?page_id=141#primaryimage"},"thumbnailUrl":"https:\/\/gjeilo.no\/wp-content\/uploads\/2024\/11\/dor-100-DPI-1.png","datePublished":"2015-09-01T08:42:35+00:00","dateModified":"2024-11-09T19:39:19+00:00","breadcrumb":{"@id":"https:\/\/gjeilo.no\/?page_id=141#breadcrumb"},"inLanguage":"nb-NO","potentialAction":[{"@type":"ReadAction","target":["https:\/\/gjeilo.no\/?page_id=141"]}]},{"@type":"ImageObject","inLanguage":"nb-NO","@id":"https:\/\/gjeilo.no\/?page_id=141#primaryimage","url":"https:\/\/gjeilo.no\/wp-content\/uploads\/2024\/11\/dor-100-DPI-1.png","contentUrl":"https:\/\/gjeilo.no\/wp-content\/uploads\/2024\/11\/dor-100-DPI-1.png"},{"@type":"BreadcrumbList","@id":"https:\/\/gjeilo.no\/?page_id=141#breadcrumb","itemListElement":[{"@type":"ListItem","position":1,"name":"Hjem","item":"https:\/\/gjeilo.no\/"},{"@type":"ListItem","position":2,"name":"Anne Olsd. Bakken Slettom"}]},{"@type":"WebSite","@id":"https:\/\/gjeilo.no\/#website","url":"https:\/\/gjeilo.no\/","name":"Slektskap","description":"","potentialAction":[{"@type":"SearchAction","target":{"@type":"EntryPoint","urlTemplate":"https:\/\/gjeilo.no\/?s={search_term_string}"},"query-input":{"@type":"PropertyValueSpecification","valueRequired":true,"valueName":"search_term_string"}}],"inLanguage":"nb-NO"}]}},"_links":{"self":[{"href":"https:\/\/gjeilo.no\/index.php?rest_route=\/wp\/v2\/pages\/141","targetHints":{"allow":["GET"]}}],"collection":[{"href":"https:\/\/gjeilo.no\/index.php?rest_route=\/wp\/v2\/pages"}],"about":[{"href":"https:\/\/gjeilo.no\/index.php?rest_route=\/wp\/v2\/types\/page"}],"author":[{"embeddable":true,"href":"https:\/\/gjeilo.no\/index.php?rest_route=\/wp\/v2\/users\/2"}],"replies":[{"embeddable":true,"href":"https:\/\/gjeilo.no\/index.php?rest_route=%2Fwp%2Fv2%2Fcomments&post=141"}],"version-history":[{"count":8,"href":"https:\/\/gjeilo.no\/index.php?rest_route=\/wp\/v2\/pages\/141\/revisions"}],"predecessor-version":[{"id":6175,"href":"https:\/\/gjeilo.no\/index.php?rest_route=\/wp\/v2\/pages\/141\/revisions\/6175"}],"wp:attachment":[{"href":"https:\/\/gjeilo.no\/index.php?rest_route=%2Fwp%2Fv2%2Fmedia&parent=141"}],"curies":[{"name":"wp","href":"https:\/\/api.w.org\/{rel}","templated":true}]}}